CRAN Package Check Results for Package survivalsvm

Last updated on 2020-07-09 12:48:18 CEST.

Flavor Version Tinstall Tcheck Ttotal Status Flags
r-devel-linux-x86_64-debian-clang 0.0.5 10.95 73.13 84.08 OK
r-devel-linux-x86_64-debian-gcc 0.0.5 7.49 57.17 64.66 OK
r-devel-linux-x86_64-fedora-clang 0.0.5 108.93 NOTE
r-devel-linux-x86_64-fedora-gcc 0.0.5 98.80 NOTE
r-devel-windows-ix86+x86_64 0.0.5 16.00 97.00 113.00 OK
r-patched-linux-x86_64 0.0.5 7.68 73.73 81.41 OK
r-patched-solaris-x86 0.0.5 150.10 NOTE
r-release-linux-x86_64 0.0.5 8.32 72.59 80.91 OK
r-release-osx-x86_64 0.0.5 NOTE
r-release-windows-ix86+x86_64 0.0.5 20.00 79.00 99.00 OK
r-oldrel-osx-x86_64 0.0.5 NOTE
r-oldrel-windows-ix86+x86_64 0.0.5 27.00 105.00 132.00 OK

Check Details

Version: 0.0.5
Check: dependencies in R code
Result: NOTE
    Namespace in Imports field not imported from: ‘quadprog’
     All declared Imports should be used.
Flavors: r-devel-linux-x86_64-fedora-clang, r-devel-linux-x86_64-fedora-gcc, r-patched-solaris-x86, r-release-osx-x86_64, r-oldrel-osx-x86_64