CRAN Package Check Results for Package survivalsvm

Last updated on 2019-11-21 12:48:44 CET.

Flavor Version Tinstall Tcheck Ttotal Status Flags
r-devel-linux-x86_64-debian-clang 0.0.5 7.96 68.47 76.43 OK
r-devel-linux-x86_64-debian-gcc 0.0.5 8.03 56.33 64.36 OK
r-devel-linux-x86_64-fedora-clang 0.0.5 94.88 NOTE
r-devel-linux-x86_64-fedora-gcc 0.0.5 95.25 NOTE
r-devel-windows-ix86+x86_64 0.0.5 28.00 101.00 129.00 OK
r-devel-windows-ix86+x86_64-gcc8 0.0.5 21.00 82.00 103.00 OK
r-patched-linux-x86_64 0.0.5 8.60 65.65 74.25 OK
r-patched-solaris-x86 0.0.5 140.90 NOTE
r-release-linux-x86_64 0.0.5 9.08 66.97 76.05 OK
r-release-windows-ix86+x86_64 0.0.5 25.00 118.00 143.00 OK
r-release-osx-x86_64 0.0.5 NOTE
r-oldrel-windows-ix86+x86_64 0.0.5 12.00 114.00 126.00 OK
r-oldrel-osx-x86_64 0.0.5 NOTE

Check Details

Version: 0.0.5
Check: dependencies in R code
Result: NOTE
    Namespace in Imports field not imported from: ‘quadprog’
     All declared Imports should be used.
Flavors: r-devel-linux-x86_64-fedora-clang, r-devel-linux-x86_64-fedora-gcc, r-patched-solaris-x86, r-release-osx-x86_64, r-oldrel-osx-x86_64