Last updated on 2025-01-19 05:49:23 CET.
Flavor | Version | Tinstall | Tcheck | Ttotal | Status | Flags |
---|---|---|---|---|---|---|
r-devel-linux-x86_64-debian-clang | 0.0.7.1 | 169.70 | 209.11 | 378.81 | OK | |
r-devel-linux-x86_64-debian-gcc | 0.0.7.1 | 162.46 | 160.67 | 323.13 | OK | |
r-devel-linux-x86_64-fedora-clang | 0.0.7.1 | 610.64 | NOTE | |||
r-devel-linux-x86_64-fedora-gcc | 0.0.7.1 | 619.97 | NOTE | |||
r-devel-windows-x86_64 | 0.0.7.1 | 167.00 | 234.00 | 401.00 | OK | |
r-patched-linux-x86_64 | 0.0.7.1 | 195.02 | 213.67 | 408.69 | NOTE | |
r-release-linux-x86_64 | 0.0.7.1 | 208.86 | 213.14 | 422.00 | NOTE | |
r-release-macos-arm64 | 0.0.7.1 | 153.00 | NOTE | |||
r-release-macos-x86_64 | 0.0.7.1 | 229.00 | NOTE | |||
r-release-windows-x86_64 | 0.0.7.1 | 169.00 | 226.00 | 395.00 | NOTE | |
r-oldrel-macos-arm64 | 0.0.7.1 | 173.00 | NOTE | |||
r-oldrel-macos-x86_64 | 0.0.7.1 | 364.00 | NOTE | |||
r-oldrel-windows-x86_64 | 0.0.7.1 | 220.00 | 289.00 | 509.00 | NOTE |
Version: 0.0.7.1
Check: dependencies in R code
Result: NOTE
Namespaces in Imports field not imported from:
‘RcppParallel’ ‘rstantools’
All declared Imports should be used.
Flavors: r-devel-linux-x86_64-fedora-clang, r-devel-linux-x86_64-fedora-gcc
Version: 0.0.7.1
Check: for GNU extensions in Makefiles
Result: NOTE
GNU make is a SystemRequirements.
Flavors: r-patched-linux-x86_64, r-release-linux-x86_64, r-release-macos-arm64, r-release-macos-x86_64, r-release-windows-x86_64, r-oldrel-macos-arm64, r-oldrel-macos-x86_64, r-oldrel-windows-x86_64
Version: 0.0.7.1
Check: installed package size
Result: NOTE
installed size is 63.6Mb
sub-directories of 1Mb or more:
libs 63.0Mb
Flavors: r-release-macos-arm64, r-release-macos-x86_64, r-oldrel-macos-arm64, r-oldrel-macos-x86_64