CRAN Package Check Results for Package survsup

Last updated on 2019-10-20 12:46:28 CEST.

Flavor Version Tinstall Tcheck Ttotal Status Flags
r-devel-linux-x86_64-debian-clang 0.0.2 4.30 78.93 83.23 OK
r-devel-linux-x86_64-debian-gcc 0.0.2 3.90 57.54 61.44 OK
r-devel-linux-x86_64-fedora-clang 0.0.2 95.35 NOTE
r-devel-linux-x86_64-fedora-gcc 0.0.2 95.33 NOTE
r-devel-windows-ix86+x86_64 0.0.2 12.00 115.00 127.00 OK
r-patched-linux-x86_64 0.0.2 4.39 74.44 78.83 OK
r-patched-solaris-x86 0.0.2 136.60 NOTE
r-release-linux-x86_64 0.0.2 4.25 76.73 80.98 OK
r-release-windows-ix86+x86_64 0.0.2 16.00 83.00 99.00 OK
r-release-osx-x86_64 0.0.2 NOTE
r-oldrel-windows-ix86+x86_64 0.0.2 6.00 92.00 98.00 OK
r-oldrel-osx-x86_64 0.0.2 NOTE

Check Details

Version: 0.0.2
Check: dependencies in R code
Result: NOTE
    Namespaces in Imports field not imported from:
     ‘gridExtra’ ‘stats’ ‘survival’ ‘utils’
     All declared Imports should be used.
Flavors: r-devel-linux-x86_64-fedora-clang, r-devel-linux-x86_64-fedora-gcc, r-patched-solaris-x86, r-release-osx-x86_64, r-oldrel-osx-x86_64