Last updated on 2025-01-19 05:49:23 CET.
Flavor | Version | Tinstall | Tcheck | Ttotal | Status | Flags |
---|---|---|---|---|---|---|
r-devel-linux-x86_64-debian-clang | 1.0.4 | 2.85 | 29.55 | 32.40 | OK | |
r-devel-linux-x86_64-debian-gcc | 1.0.4 | 2.21 | 23.40 | 25.61 | OK | |
r-devel-linux-x86_64-fedora-clang | 1.0.4 | 54.32 | OK | |||
r-devel-linux-x86_64-fedora-gcc | 1.0.4 | 66.64 | OK | |||
r-devel-windows-x86_64 | 1.0.4 | 5.00 | 51.00 | 56.00 | OK | |
r-patched-linux-x86_64 | 1.0.4 | 2.77 | 28.19 | 30.96 | OK | |
r-release-linux-x86_64 | 1.0.4 | 2.75 | 27.87 | 30.62 | OK | |
r-release-macos-arm64 | 1.0.4 | 24.00 | OK | |||
r-release-macos-x86_64 | 1.0.4 | 36.00 | OK | |||
r-release-windows-x86_64 | 1.0.4 | 6.00 | 60.00 | 66.00 | OK | |
r-oldrel-macos-arm64 | 1.0.4 | 24.00 | OK | |||
r-oldrel-macos-x86_64 | 1.0.4 | 34.00 | OK | |||
r-oldrel-windows-x86_64 | 1.0.4 | 5.00 | 62.00 | 67.00 | ERROR |
Version: 1.0.4
Check: re-building of vignette outputs
Result: ERROR
Error(s) in re-building vignettes:
--- re-building 'svHttp.Rmd' using rmarkdown
Flavor: r-oldrel-windows-x86_64