Last updated on 2025-01-19 05:49:23 CET.
Flavor | Version | Tinstall | Tcheck | Ttotal | Status | Flags |
---|---|---|---|---|---|---|
r-devel-linux-x86_64-debian-clang | 1.2 | 8.85 | 97.80 | 106.65 | NOTE | |
r-devel-linux-x86_64-debian-gcc | 1.2 | 7.23 | 70.38 | 77.61 | NOTE | |
r-devel-linux-x86_64-fedora-clang | 1.2 | 169.57 | OK | |||
r-devel-linux-x86_64-fedora-gcc | 1.2 | 179.00 | OK | |||
r-devel-windows-x86_64 | 1.2 | 10.00 | 113.00 | 123.00 | NOTE | |
r-patched-linux-x86_64 | 1.2 | 9.69 | 92.04 | 101.73 | OK | |
r-release-linux-x86_64 | 1.2 | 7.91 | 91.92 | 99.83 | OK | |
r-release-macos-arm64 | 1.2 | 56.00 | OK | |||
r-release-macos-x86_64 | 1.2 | 84.00 | OK | |||
r-release-windows-x86_64 | 1.2 | 8.00 | 119.00 | 127.00 | OK | |
r-oldrel-macos-arm64 | 1.2 | 58.00 | OK | |||
r-oldrel-macos-x86_64 | 1.2 | 101.00 | OK | |||
r-oldrel-windows-x86_64 | 1.2 | 10.00 | 133.00 | 143.00 | OK |
Version: 1.2
Check: Rd cross-references
Result: NOTE
Found the following Rd file(s) with Rd \link{} targets missing package
anchors:
svy_vglm.Rd: vglm, svydesign, svrepdesign
Please provide package anchors for all Rd \link{} targets not in the
package itself and the base packages.
Flavors: r-devel-linux-x86_64-debian-clang, r-devel-linux-x86_64-debian-gcc, r-devel-windows-x86_64