Last updated on 2025-01-19 05:49:23 CET.
Flavor | Version | Tinstall | Tcheck | Ttotal | Status | Flags |
---|---|---|---|---|---|---|
r-devel-linux-x86_64-debian-clang | 1.0.0 | 3.14 | 177.22 | 180.36 | OK | |
r-devel-linux-x86_64-debian-gcc | 1.0.0 | 2.24 | 106.45 | 108.69 | OK | |
r-devel-linux-x86_64-fedora-clang | 1.0.0 | 296.19 | OK | |||
r-devel-linux-x86_64-fedora-gcc | 1.0.0 | 301.37 | OK | |||
r-devel-windows-x86_64 | 1.0.0 | 6.00 | 173.00 | 179.00 | OK | |
r-patched-linux-x86_64 | 1.0.0 | 3.32 | 169.43 | 172.75 | NOTE | |
r-release-linux-x86_64 | 1.0.0 | 2.94 | 166.75 | 169.69 | NOTE | |
r-release-macos-arm64 | 1.0.0 | 61.00 | NOTE | |||
r-release-macos-x86_64 | 1.0.0 | 127.00 | NOTE | |||
r-release-windows-x86_64 | 1.0.0 | 5.00 | 172.00 | 177.00 | NOTE | |
r-oldrel-macos-arm64 | 1.0.0 | 65.00 | NOTE | |||
r-oldrel-macos-x86_64 | 1.0.0 | 135.00 | NOTE | |||
r-oldrel-windows-x86_64 | 1.0.0 | 5.00 | 223.00 | 228.00 | NOTE |
Version: 1.0.0
Check: LazyData
Result: NOTE
'LazyData' is specified without a 'data' directory
Flavors: r-patched-linux-x86_64, r-release-linux-x86_64, r-release-macos-arm64, r-release-macos-x86_64, r-release-windows-x86_64, r-oldrel-macos-arm64, r-oldrel-macos-x86_64, r-oldrel-windows-x86_64