Last updated on 2024-05-01 16:53:14 CEST.
Flavor | Version | Tinstall | Tcheck | Ttotal | Status | Flags |
---|---|---|---|---|---|---|
r-devel-linux-x86_64-debian-clang | 0.3.1 | 44.09 | 42.69 | 86.78 | NOTE | |
r-devel-linux-x86_64-debian-gcc | 0.3.1 | 38.56 | 32.94 | 71.50 | NOTE | |
r-devel-linux-x86_64-fedora-clang | 0.3.1 | 116.54 | NOTE | |||
r-devel-linux-x86_64-fedora-gcc | 0.3.1 | 142.36 | NOTE | |||
r-devel-windows-x86_64 | 0.3.1 | 52.00 | 77.00 | 129.00 | NOTE | |
r-patched-linux-x86_64 | 0.3.1 | 47.32 | 41.11 | 88.43 | NOTE | |
r-release-linux-x86_64 | 0.3.1 | 47.04 | 41.00 | 88.04 | NOTE | |
r-release-macos-arm64 | 0.3.1 | 39.00 | NOTE | |||
r-release-windows-x86_64 | 0.3.1 | 53.00 | 75.00 | 128.00 | NOTE | |
r-oldrel-macos-arm64 | 0.3.1 | 40.00 | NOTE | |||
r-oldrel-macos-x86_64 | 0.3.1 | 104.00 | NOTE | |||
r-oldrel-windows-x86_64 | 0.3.1 | 60.00 | 87.00 | 147.00 | NOTE |
Version: 0.3.1
Check: package dependencies
Result: NOTE
Package suggested but not available for checking: ‘swephRdata’
Flavors: r-devel-linux-x86_64-debian-clang, r-devel-linux-x86_64-debian-gcc, r-devel-linux-x86_64-fedora-clang, r-devel-linux-x86_64-fedora-gcc, r-devel-windows-x86_64, r-patched-linux-x86_64, r-release-linux-x86_64, r-release-macos-arm64, r-release-windows-x86_64, r-oldrel-macos-arm64, r-oldrel-macos-x86_64, r-oldrel-windows-x86_64