CRAN Package Check Results for Package switchSelection

Last updated on 2025-01-19 05:49:23 CET.

Flavor Version Tinstall Tcheck Ttotal Status Flags
r-devel-linux-x86_64-debian-clang 2.0.0 53.29 53.42 106.71 OK
r-devel-linux-x86_64-debian-gcc 2.0.0 38.63 36.18 74.81 OK
r-devel-linux-x86_64-fedora-clang 2.0.0 179.55 OK
r-devel-linux-x86_64-fedora-gcc 2.0.0 195.55 OK
r-devel-windows-x86_64 2.0.0 53.00 90.00 143.00 OK
r-patched-linux-x86_64 2.0.0 55.05 50.51 105.56 OK
r-release-linux-x86_64 2.0.0 54.95 51.40 106.35 OK
r-release-macos-arm64 2.0.0 43.00 NOTE
r-release-macos-x86_64 2.0.0 82.00 NOTE
r-release-windows-x86_64 2.0.0 56.00 94.00 150.00 OK
r-oldrel-macos-arm64 2.0.0 41.00 NOTE
r-oldrel-macos-x86_64 2.0.0 75.00 NOTE
r-oldrel-windows-x86_64 2.0.0 65.00 107.00 172.00 OK

Check Details

Version: 2.0.0
Check: installed package size
Result: NOTE installed size is 5.3Mb sub-directories of 1Mb or more: libs 4.5Mb Flavors: r-release-macos-arm64, r-release-macos-x86_64, r-oldrel-macos-arm64, r-oldrel-macos-x86_64