CRAN Package Check Results for Package sylcount

Last updated on 2020-06-03 12:49:23 CEST.

Flavor Version Tinstall Tcheck Ttotal Status Flags
r-devel-linux-x86_64-debian-clang 0.2-2 8.92 21.74 30.66 OK
r-devel-linux-x86_64-debian-gcc 0.2-2 5.78 17.36 23.14 OK
r-devel-linux-x86_64-fedora-clang 0.2-2 49.23 NOTE
r-devel-linux-x86_64-fedora-gcc 0.2-2 36.32 OK
r-devel-windows-ix86+x86_64 0.2-2 26.00 141.00 167.00 NOTE
r-patched-linux-x86_64 0.2-2 6.01 21.67 27.68 OK
r-patched-solaris-x86 0.2-2 89.60 OK
r-release-linux-x86_64 0.2-2 6.05 21.65 27.70 OK
r-release-osx-x86_64 0.2-2 OK
r-release-windows-ix86+x86_64 0.2-2 20.00 147.00 167.00 NOTE
r-oldrel-osx-x86_64 0.2-2 OK
r-oldrel-windows-ix86+x86_64 0.2-2 32.00 146.00 178.00 NOTE

Check Details

Version: 0.2-2
Check: installed package size
Result: NOTE
     installed size is 6.9Mb
     sub-directories of 1Mb or more:
     libs 6.8Mb
Flavors: r-devel-linux-x86_64-fedora-clang, r-devel-windows-ix86+x86_64, r-release-windows-ix86+x86_64, r-oldrel-windows-ix86+x86_64