CRAN Package Check Results for Package sylcount

Last updated on 2019-10-22 12:48:19 CEST.

Flavor Version Tinstall Tcheck Ttotal Status Flags
r-devel-linux-x86_64-debian-clang 0.2-1 7.85 19.74 27.59 OK
r-devel-linux-x86_64-debian-gcc 0.2-1 5.24 16.28 21.52 OK
r-devel-linux-x86_64-fedora-clang 0.2-1 36.14 NOTE
r-devel-linux-x86_64-fedora-gcc 0.2-1 34.49 OK
r-devel-windows-ix86+x86_64 0.2-1 29.00 140.00 169.00 NOTE
r-patched-linux-x86_64 0.2-1 5.88 19.82 25.70 OK
r-patched-solaris-x86 0.2-1 88.90 OK
r-release-linux-x86_64 0.2-1 5.37 19.91 25.28 OK
r-release-windows-ix86+x86_64 0.2-1 27.00 157.00 184.00 NOTE
r-release-osx-x86_64 0.2-1 OK
r-oldrel-windows-ix86+x86_64 0.2-1 35.00 139.00 174.00 NOTE
r-oldrel-osx-x86_64 0.2-1 OK

Additional issues

LTO

Check Details

Version: 0.2-1
Check: installed package size
Result: NOTE
     installed size is 6.9Mb
     sub-directories of 1Mb or more:
     libs 6.8Mb
Flavors: r-devel-linux-x86_64-fedora-clang, r-devel-windows-ix86+x86_64, r-release-windows-ix86+x86_64, r-oldrel-windows-ix86+x86_64