Last updated on 2024-04-21 13:55:48 CEST.
Flavor | Version | Tinstall | Tcheck | Ttotal | Status | Flags |
---|---|---|---|---|---|---|
r-devel-linux-x86_64-debian-clang | 0.2-6 | 7.86 | 23.83 | 31.69 | OK | |
r-devel-linux-x86_64-debian-gcc | 0.2-6 | 6.92 | 18.68 | 25.60 | OK | |
r-devel-linux-x86_64-fedora-clang | 0.2-6 | 42.01 | NOTE | |||
r-devel-linux-x86_64-fedora-gcc | 0.2-6 | 42.64 | OK | |||
r-prerel-macos-arm64 | 0.2-6 | 23.00 | OK | |||
r-prerel-windows-x86_64 | 0.2-6 | 16.00 | 116.00 | 132.00 | OK | |
r-patched-linux-x86_64 | 0.2-6 | 7.80 | 22.65 | 30.45 | OK | |
r-release-linux-x86_64 | 0.2-6 | 7.48 | 23.28 | 30.76 | OK | |
r-release-macos-arm64 | 0.2-6 | 34.00 | OK | |||
r-release-macos-x86_64 | 0.2-6 | 53.00 | OK | |||
r-release-windows-x86_64 | 0.2-6 | 18.00 | 125.00 | 143.00 | OK | |
r-oldrel-macos-arm64 | 0.2-6 | 30.00 | OK | |||
r-oldrel-windows-x86_64 | 0.2-6 | 10.00 | 134.00 | 144.00 | OK |
Version: 0.2-6
Check: installed package size
Result: NOTE
installed size is 6.8Mb
sub-directories of 1Mb or more:
libs 6.7Mb
Flavor: r-devel-linux-x86_64-fedora-clang