Last updated on 2025-01-19 05:49:23 CET.
Flavor | Version | Tinstall | Tcheck | Ttotal | Status | Flags |
---|---|---|---|---|---|---|
r-devel-linux-x86_64-debian-clang | 1.1.0 | 90.66 | 109.34 | 200.00 | OK | |
r-devel-linux-x86_64-debian-gcc | 1.1.0 | 72.69 | 73.26 | 145.95 | OK | |
r-devel-linux-x86_64-fedora-clang | 1.1.0 | 341.31 | OK | |||
r-devel-linux-x86_64-fedora-gcc | 1.1.0 | 369.54 | OK | |||
r-devel-windows-x86_64 | 1.1.0 | 89.00 | 151.00 | 240.00 | OK | |
r-patched-linux-x86_64 | 1.1.0 | 105.62 | 100.62 | 206.24 | OK | |
r-release-linux-x86_64 | 1.1.0 | 108.46 | 100.19 | 208.65 | OK | |
r-release-macos-arm64 | 1.1.0 | 89.00 | NOTE | |||
r-release-macos-x86_64 | 1.1.0 | 245.00 | NOTE | |||
r-release-windows-x86_64 | 1.1.0 | 83.00 | 154.00 | 237.00 | OK | |
r-oldrel-macos-arm64 | 1.1.0 | 101.00 | NOTE | |||
r-oldrel-macos-x86_64 | 1.1.0 | 200.00 | NOTE | |||
r-oldrel-windows-x86_64 | 1.1.0 | 109.00 | 184.00 | 293.00 | OK |
Version: 1.1.0
Check: installed package size
Result: NOTE
installed size is 25.0Mb
sub-directories of 1Mb or more:
libs 24.3Mb
Flavors: r-release-macos-arm64, r-release-macos-x86_64, r-oldrel-macos-arm64, r-oldrel-macos-x86_64