CRAN Package Check Results for Package synlik

Last updated on 2025-01-19 05:49:23 CET.

Flavor Version Tinstall Tcheck Ttotal Status Flags
r-devel-linux-x86_64-debian-clang 0.1.6 38.22 106.57 144.79 NOTE
r-devel-linux-x86_64-debian-gcc 0.1.6 27.16 76.20 103.36 NOTE
r-devel-linux-x86_64-fedora-clang 0.1.6 240.67 NOTE
r-devel-linux-x86_64-fedora-gcc 0.1.6 253.39 NOTE
r-devel-windows-x86_64 0.1.6 43.00 211.00 254.00 NOTE
r-patched-linux-x86_64 0.1.6 37.42 99.78 137.20 NOTE
r-release-linux-x86_64 0.1.6 36.26 98.89 135.15 NOTE
r-release-macos-arm64 0.1.6 94.00 NOTE
r-release-macos-x86_64 0.1.6 168.00 NOTE
r-release-windows-x86_64 0.1.6 42.00 211.00 253.00 NOTE
r-oldrel-macos-arm64 0.1.6 102.00 OK
r-oldrel-macos-x86_64 0.1.6 178.00 OK
r-oldrel-windows-x86_64 0.1.6 52.00 244.00 296.00 OK

Check Details

Version: 0.1.6
Check: Rd files
Result: NOTE checkRd: (-1) robCov.Rd:19-20: Lost braces in \itemize; \value handles \item{}{} directly checkRd: (-1) robCov.Rd:21: Lost braces in \itemize; \value handles \item{}{} directly checkRd: (-1) robCov.Rd:22: Lost braces in \itemize; \value handles \item{}{} directly checkRd: (-1) robCov.Rd:23: Lost braces in \itemize; \value handles \item{}{} directly checkRd: (-1) slice.Rd:28: Lost braces 28 | before plotting {ex: \code{trans = c(s = "exp", d = "exp")}}/} | ^ Flavors: r-devel-linux-x86_64-debian-clang, r-devel-linux-x86_64-debian-gcc, r-devel-linux-x86_64-fedora-clang, r-devel-linux-x86_64-fedora-gcc, r-devel-windows-x86_64, r-patched-linux-x86_64, r-release-linux-x86_64, r-release-macos-arm64, r-release-macos-x86_64, r-release-windows-x86_64