Last updated on 2024-04-17 13:57:46 CEST.
Flavor | Version | Tinstall | Tcheck | Ttotal | Status | Flags |
---|---|---|---|---|---|---|
r-devel-linux-x86_64-debian-clang | 1.0.7 | 14.03 | 314.40 | 328.43 | OK | |
r-devel-linux-x86_64-debian-gcc | 1.0.7 | 10.73 | 247.56 | 258.29 | OK | |
r-devel-linux-x86_64-fedora-clang | 1.0.7 | 400.50 | NOTE | |||
r-devel-linux-x86_64-fedora-gcc | 1.0.7 | 416.90 | OK | |||
r-prerel-macos-arm64 | 1.0.7 | 131.00 | NOTE | |||
r-prerel-windows-x86_64 | 1.0.7 | 14.00 | 268.00 | 282.00 | NOTE | |
r-patched-linux-x86_64 | 1.0.7 | 12.02 | 317.85 | 329.87 | OK | |
r-release-linux-x86_64 | 1.0.7 | 10.82 | 313.05 | 323.87 | OK | |
r-release-macos-arm64 | 1.0.7 | 134.00 | NOTE | |||
r-release-macos-x86_64 | 1.0.7 | 349.00 | NOTE | |||
r-release-windows-x86_64 | 1.0.7 | 16.00 | 321.00 | 337.00 | NOTE | |
r-oldrel-macos-arm64 | 1.0.7 | 123.00 | NOTE | |||
r-oldrel-windows-x86_64 | 1.0.7 | 17.00 | 315.00 | 332.00 | NOTE |
Version: 1.0.7
Check: installed package size
Result: NOTE
installed size is 5.3Mb
sub-directories of 1Mb or more:
R 1.3Mb
extdata 3.1Mb
Flavors: r-devel-linux-x86_64-fedora-clang, r-prerel-macos-arm64, r-prerel-windows-x86_64, r-release-macos-arm64, r-release-macos-x86_64, r-release-windows-x86_64, r-oldrel-macos-arm64, r-oldrel-windows-x86_64