Last updated on 2024-04-17 13:57:46 CEST.
Flavor | Version | Tinstall | Tcheck | Ttotal | Status | Flags |
---|---|---|---|---|---|---|
r-devel-linux-x86_64-debian-clang | 1.1.1 | 1.81 | 22.13 | 23.94 | NOTE | |
r-devel-linux-x86_64-debian-gcc | 1.1.1 | 1.64 | 17.13 | 18.77 | NOTE | |
r-devel-linux-x86_64-fedora-clang | 1.1.1 | 30.27 | NOTE | |||
r-devel-linux-x86_64-fedora-gcc | 1.1.1 | 28.79 | NOTE | |||
r-prerel-macos-arm64 | 1.1.1 | 14.00 | NOTE | |||
r-prerel-windows-x86_64 | 1.1.1 | 2.00 | 36.00 | 38.00 | NOTE | |
r-patched-linux-x86_64 | 1.1.1 | 2.07 | 21.05 | 23.12 | NOTE | |
r-release-linux-x86_64 | 1.1.1 | 1.95 | 20.64 | 22.59 | NOTE | |
r-release-macos-arm64 | 1.1.1 | 14.00 | NOTE | |||
r-release-macos-x86_64 | 1.1.1 | 17.00 | NOTE | |||
r-release-windows-x86_64 | 1.1.1 | 4.00 | 36.00 | 40.00 | NOTE | |
r-oldrel-macos-arm64 | 1.1.1 | 16.00 | OK | |||
r-oldrel-windows-x86_64 | 1.1.1 | 7.00 | 42.00 | 49.00 | OK |
Version: 1.1.1
Check: package subdirectories
Result: NOTE
Problems with news in ‘NEWS.md’:
No news entries found.
Flavors: r-devel-linux-x86_64-debian-clang, r-devel-linux-x86_64-debian-gcc, r-devel-linux-x86_64-fedora-clang, r-devel-linux-x86_64-fedora-gcc, r-prerel-macos-arm64, r-prerel-windows-x86_64, r-patched-linux-x86_64, r-release-linux-x86_64, r-release-macos-arm64, r-release-macos-x86_64, r-release-windows-x86_64