Last updated on 2025-01-19 05:49:23 CET.
Flavor | Version | Tinstall | Tcheck | Ttotal | Status | Flags |
---|---|---|---|---|---|---|
r-devel-linux-x86_64-debian-clang | 1.1.1 | 1.59 | 17.14 | 18.73 | NOTE | |
r-devel-linux-x86_64-debian-gcc | 1.1.1 | 1.40 | 13.75 | 15.15 | NOTE | |
r-devel-linux-x86_64-fedora-clang | 1.1.1 | 31.03 | NOTE | |||
r-devel-linux-x86_64-fedora-gcc | 1.1.1 | 29.73 | NOTE | |||
r-devel-windows-x86_64 | 1.1.1 | 2.00 | 37.00 | 39.00 | NOTE | |
r-patched-linux-x86_64 | 1.1.1 | 1.57 | 16.43 | 18.00 | NOTE | |
r-release-linux-x86_64 | 1.1.1 | 1.64 | 16.24 | 17.88 | NOTE | |
r-release-macos-arm64 | 1.1.1 | 14.00 | NOTE | |||
r-release-macos-x86_64 | 1.1.1 | 23.00 | NOTE | |||
r-release-windows-x86_64 | 1.1.1 | 2.00 | 36.00 | 38.00 | NOTE | |
r-oldrel-macos-arm64 | 1.1.1 | 14.00 | NOTE | |||
r-oldrel-macos-x86_64 | 1.1.1 | 17.00 | NOTE | |||
r-oldrel-windows-x86_64 | 1.1.1 | 4.00 | 36.00 | 40.00 | NOTE |
Version: 1.1.1
Check: package subdirectories
Result: NOTE
Problems with news in ‘NEWS.md’:
No news entries found.
Flavors: r-devel-linux-x86_64-debian-clang, r-devel-linux-x86_64-debian-gcc, r-devel-linux-x86_64-fedora-clang, r-devel-linux-x86_64-fedora-gcc, r-devel-windows-x86_64, r-patched-linux-x86_64, r-release-linux-x86_64, r-release-macos-arm64, r-release-macos-x86_64, r-release-windows-x86_64, r-oldrel-macos-arm64, r-oldrel-macos-x86_64, r-oldrel-windows-x86_64