CRAN Package Check Results for Package tabulate

Last updated on 2025-01-19 05:49:23 CET.

Flavor Version Tinstall Tcheck Ttotal Status Flags
r-devel-linux-x86_64-debian-clang 0.1.0 43.70 26.73 70.43 NOTE
r-devel-linux-x86_64-debian-gcc 0.1.0 36.11 20.96 57.07 NOTE
r-devel-linux-x86_64-fedora-clang 0.1.0 136.14 NOTE
r-devel-linux-x86_64-fedora-gcc 0.1.0 150.15 NOTE
r-devel-windows-x86_64 0.1.0 66.00 63.00 129.00 NOTE
r-patched-linux-x86_64 0.1.0 50.50 25.26 75.76 NOTE
r-release-linux-x86_64 0.1.0 50.03 25.45 75.48 NOTE
r-release-macos-arm64 0.1.0 35.00 NOTE
r-release-macos-x86_64 0.1.0 42.00 NOTE
r-release-windows-x86_64 0.1.0 66.00 67.00 133.00 NOTE
r-oldrel-macos-arm64 0.1.0 42.00 NOTE
r-oldrel-macos-x86_64 0.1.0 68.00 NOTE
r-oldrel-windows-x86_64 0.1.0 75.00 74.00 149.00 NOTE

Check Details

Version: 0.1.0
Check: C++ specification
Result: NOTE Specified C++11: please drop specification unless essential Flavors: r-devel-linux-x86_64-debian-clang, r-devel-linux-x86_64-debian-gcc, r-devel-linux-x86_64-fedora-clang, r-devel-linux-x86_64-fedora-gcc, r-devel-windows-x86_64, r-patched-linux-x86_64, r-release-linux-x86_64, r-release-macos-arm64, r-release-macos-x86_64, r-release-windows-x86_64, r-oldrel-macos-arm64, r-oldrel-macos-x86_64, r-oldrel-windows-x86_64

Version: 0.1.0
Check: installed package size
Result: NOTE installed size is 5.1Mb sub-directories of 1Mb or more: libs 4.9Mb Flavors: r-release-macos-arm64, r-oldrel-macos-arm64