CRAN Package Check Results for Package tabulizer

Last updated on 2020-10-26 11:51:18 CET.

Flavor Version Tinstall Tcheck Ttotal Status Flags
r-devel-linux-x86_64-debian-clang 0.2.2 5.54 161.62 167.16 OK
r-devel-linux-x86_64-debian-gcc 0.2.2 4.00 120.05 124.05 OK
r-devel-linux-x86_64-fedora-clang 0.2.2 197.44 OK
r-devel-linux-x86_64-fedora-gcc 0.2.2 194.06 OK
r-devel-windows-ix86+x86_64 0.2.2 11.00 123.00 134.00 OK
r-patched-linux-x86_64 0.2.2 5.24 153.29 158.53 OK
r-patched-solaris-x86 0.2.2 151.70 OK
r-release-linux-x86_64 0.2.2 5.58 154.91 160.49 OK
r-release-macos-x86_64 0.2.2 OK
r-release-windows-ix86+x86_64 0.2.2 9.00 98.00 107.00 OK
r-oldrel-macos-x86_64 0.2.2 OK
r-oldrel-windows-ix86+x86_64 0.2.2 5.00 5.00 10.00 ERROR

Check Details

Version: 0.2.2
Check: whether package can be installed
Result: ERROR
    Installation failed.
Flavor: r-oldrel-windows-ix86+x86_64