CRAN Package Check Results for Package tabulizerjars

Last updated on 2020-12-04 12:51:02 CET.

Flavor Version Tinstall Tcheck Ttotal Status Flags
r-devel-linux-x86_64-debian-clang 1.0.1 3.96 35.44 39.40 OK
r-devel-linux-x86_64-debian-gcc 1.0.1 3.10 31.55 34.65 OK
r-devel-linux-x86_64-fedora-clang 1.0.1 54.36 NOTE
r-devel-linux-x86_64-fedora-gcc 1.0.1 44.21 OK
r-devel-windows-ix86+x86_64 1.0.1 10.00 40.00 50.00 NOTE
r-patched-linux-x86_64 1.0.1 3.85 32.58 36.43 OK
r-patched-solaris-x86 1.0.1 64.20 NOTE
r-release-linux-x86_64 1.0.1 4.41 32.51 36.92 OK
r-release-macos-x86_64 1.0.1 NOTE
r-release-windows-ix86+x86_64 1.0.1 8.00 43.00 51.00 NOTE
r-oldrel-macos-x86_64 1.0.1 NOTE
r-oldrel-windows-ix86+x86_64 1.0.1 8.00 42.00 50.00 NOTE

Check Details

Version: 1.0.1
Check: installed package size
Result: NOTE
     installed size is 11.6Mb
     sub-directories of 1Mb or more:
     java 11.5Mb
Flavors: r-devel-linux-x86_64-fedora-clang, r-devel-windows-ix86+x86_64, r-patched-solaris-x86, r-release-macos-x86_64, r-release-windows-ix86+x86_64, r-oldrel-macos-x86_64, r-oldrel-windows-ix86+x86_64