CRAN Package Check Results for Package tactile

Last updated on 2025-01-19 05:49:23 CET.

Flavor Version Tinstall Tcheck Ttotal Status Flags
r-devel-linux-x86_64-debian-clang 0.2.1 3.82 62.95 66.77 NOTE
r-devel-linux-x86_64-debian-gcc 0.2.1 2.65 48.06 50.71 NOTE
r-devel-linux-x86_64-fedora-clang 0.2.1 108.10 OK
r-devel-linux-x86_64-fedora-gcc 0.2.1 119.51 OK
r-devel-windows-x86_64 0.2.1 5.00 82.00 87.00 NOTE
r-patched-linux-x86_64 0.2.1 4.76 60.06 64.82 OK
r-release-linux-x86_64 0.2.1 3.75 60.35 64.10 OK
r-release-macos-arm64 0.2.1 45.00 OK
r-release-macos-x86_64 0.2.1 58.00 OK
r-release-windows-x86_64 0.2.1 5.00 81.00 86.00 OK
r-oldrel-macos-arm64 0.2.1 41.00 OK
r-oldrel-macos-x86_64 0.2.1 96.00 OK
r-oldrel-windows-x86_64 0.2.1 7.00 89.00 96.00 OK

Check Details

Version: 0.2.1
Check: Rd cross-references
Result: NOTE Found the following Rd file(s) with Rd \link{} targets missing package anchors: xyplot.Arima.Rd: xyplot Please provide package anchors for all Rd \link{} targets not in the package itself and the base packages. Flavors: r-devel-linux-x86_64-debian-clang, r-devel-linux-x86_64-debian-gcc, r-devel-windows-x86_64