Last updated on 2024-05-01 16:53:14 CEST.
Flavor | Version | Tinstall | Tcheck | Ttotal | Status | Flags |
---|---|---|---|---|---|---|
r-devel-linux-x86_64-debian-clang | 0.3 | 15.43 | 134.18 | 149.61 | NOTE | |
r-devel-linux-x86_64-debian-gcc | 0.3 | 12.08 | 98.52 | 110.60 | NOTE | |
r-devel-linux-x86_64-fedora-clang | 0.3 | 192.93 | NOTE | |||
r-devel-linux-x86_64-fedora-gcc | 0.3 | 192.19 | NOTE | |||
r-devel-windows-x86_64 | 0.3 | 14.00 | 114.00 | 128.00 | NOTE | |
r-patched-linux-x86_64 | 0.3 | 14.59 | 129.63 | 144.22 | NOTE | |
r-release-linux-x86_64 | 0.3 | 14.91 | 127.42 | 142.33 | NOTE | |
r-release-macos-arm64 | 0.3 | 55.00 | NOTE | |||
r-release-windows-x86_64 | 0.3 | 15.00 | 113.00 | 128.00 | NOTE | |
r-oldrel-macos-arm64 | 0.3 | 62.00 | NOTE | |||
r-oldrel-macos-x86_64 | 0.3 | 107.00 | NOTE | |||
r-oldrel-windows-x86_64 | 0.3 | 19.00 | 133.00 | 152.00 | NOTE |
Version: 0.3
Check: Rd files
Result: NOTE
checkRd: (-1) tapnet-package.Rd:40: Escaped LaTeX specials: \&
Flavors: r-devel-linux-x86_64-debian-clang, r-devel-linux-x86_64-debian-gcc, r-devel-linux-x86_64-fedora-clang, r-devel-linux-x86_64-fedora-gcc, r-devel-windows-x86_64, r-patched-linux-x86_64, r-release-linux-x86_64, r-release-macos-arm64, r-release-windows-x86_64, r-oldrel-macos-arm64, r-oldrel-macos-x86_64, r-oldrel-windows-x86_64