Last updated on 2025-01-19 05:49:23 CET.
Flavor | Version | Tinstall | Tcheck | Ttotal | Status | Flags |
---|---|---|---|---|---|---|
r-devel-linux-x86_64-debian-clang | 0.1.4 | 6.05 | 36.90 | 42.95 | NOTE | |
r-devel-linux-x86_64-debian-gcc | 0.1.4 | 4.05 | 27.39 | 31.44 | NOTE | |
r-devel-linux-x86_64-fedora-clang | 0.1.4 | 72.63 | NOTE | |||
r-devel-linux-x86_64-fedora-gcc | 0.1.4 | 81.17 | NOTE | |||
r-devel-windows-x86_64 | 0.1.4 | 10.00 | 63.00 | 73.00 | NOTE | |
r-patched-linux-x86_64 | 0.1.4 | 5.70 | 35.17 | 40.87 | NOTE | |
r-release-linux-x86_64 | 0.1.4 | 4.44 | 34.40 | 38.84 | NOTE | |
r-release-macos-arm64 | 0.1.4 | 31.00 | NOTE | |||
r-release-macos-x86_64 | 0.1.4 | 46.00 | NOTE | |||
r-release-windows-x86_64 | 0.1.4 | 11.00 | 62.00 | 73.00 | NOTE | |
r-oldrel-macos-arm64 | 0.1.4 | 34.00 | NOTE | |||
r-oldrel-macos-x86_64 | 0.1.4 | 51.00 | NOTE | |||
r-oldrel-windows-x86_64 | 0.1.4 | 12.00 | 69.00 | 81.00 | NOTE |
Version: 0.1.4
Check: C++ specification
Result: NOTE
Specified C++11: please drop specification unless essential
Flavors: r-devel-linux-x86_64-debian-clang, r-devel-linux-x86_64-debian-gcc, r-devel-linux-x86_64-fedora-clang, r-devel-linux-x86_64-fedora-gcc, r-devel-windows-x86_64, r-patched-linux-x86_64, r-release-linux-x86_64, r-release-macos-arm64, r-release-macos-x86_64, r-release-windows-x86_64, r-oldrel-macos-arm64, r-oldrel-macos-x86_64, r-oldrel-windows-x86_64