Last updated on 2025-01-19 05:49:23 CET.
Flavor | Version | Tinstall | Tcheck | Ttotal | Status | Flags |
---|---|---|---|---|---|---|
r-devel-linux-x86_64-debian-clang | 0.5 | 170.70 | 159.35 | 330.05 | OK | |
r-devel-linux-x86_64-debian-gcc | 0.5 | 122.15 | 110.81 | 232.96 | OK | |
r-devel-linux-x86_64-fedora-clang | 0.5 | 605.63 | OK | |||
r-devel-linux-x86_64-fedora-gcc | 0.5 | 675.14 | OK | |||
r-devel-windows-x86_64 | 0.5 | 176.00 | 182.00 | 358.00 | OK | |
r-patched-linux-x86_64 | 0.5 | 174.60 | 150.94 | 325.54 | OK | |
r-release-linux-x86_64 | 0.5 | 175.48 | 151.95 | 327.43 | OK | |
r-release-macos-arm64 | 0.5 | 133.00 | NOTE | |||
r-release-macos-x86_64 | 0.5 | 160.00 | NOTE | |||
r-release-windows-x86_64 | 0.5 | 173.00 | 184.00 | 357.00 | OK | |
r-oldrel-macos-arm64 | 0.5 | 137.00 | NOTE | |||
r-oldrel-macos-x86_64 | 0.5 | 265.00 | NOTE | |||
r-oldrel-windows-x86_64 | 0.5 | 200.00 | 225.00 | 425.00 | OK |
Version: 0.5
Check: installed package size
Result: NOTE
installed size is 15.0Mb
sub-directories of 1Mb or more:
doc 1.1Mb
libs 13.3Mb
Flavors: r-release-macos-arm64, r-release-macos-x86_64, r-oldrel-macos-arm64, r-oldrel-macos-x86_64