CRAN Package Check Results for Package tci

Last updated on 2025-01-19 05:49:23 CET.

Flavor Version Tinstall Tcheck Ttotal Status Flags
r-devel-linux-x86_64-debian-clang 0.2.0 31.73 187.64 219.37 NOTE
r-devel-linux-x86_64-debian-gcc 0.2.0 22.70 137.17 159.87 NOTE
r-devel-linux-x86_64-fedora-clang 0.2.0 332.11 NOTE
r-devel-linux-x86_64-fedora-gcc 0.2.0 385.55 NOTE
r-devel-windows-x86_64 0.2.0 36.00 190.00 226.00 NOTE
r-patched-linux-x86_64 0.2.0 33.71 237.62 271.33 NOTE
r-release-linux-x86_64 0.2.0 34.21 241.59 275.80 NOTE
r-release-macos-arm64 0.2.0 80.00 NOTE
r-release-macos-x86_64 0.2.0 122.00 NOTE
r-release-windows-x86_64 0.2.0 35.00 194.00 229.00 NOTE
r-oldrel-macos-arm64 0.2.0 90.00 NOTE
r-oldrel-macos-x86_64 0.2.0 139.00 NOTE
r-oldrel-windows-x86_64 0.2.0 40.00 232.00 272.00 NOTE

Check Details

Version: 0.2.0
Check: C++ specification
Result: NOTE Specified C++11: please drop specification unless essential Flavors: r-devel-linux-x86_64-debian-clang, r-devel-linux-x86_64-debian-gcc, r-devel-linux-x86_64-fedora-clang, r-devel-linux-x86_64-fedora-gcc, r-devel-windows-x86_64, r-patched-linux-x86_64, r-release-linux-x86_64, r-release-macos-arm64, r-release-macos-x86_64, r-release-windows-x86_64, r-oldrel-macos-arm64, r-oldrel-macos-x86_64, r-oldrel-windows-x86_64

Version: 0.2.0
Check: dependencies in R code
Result: NOTE Namespaces in Imports field not imported from: ‘gridExtra’ ‘reshape2’ ‘truncnorm’ ‘xtable’ All declared Imports should be used. Flavors: r-devel-linux-x86_64-fedora-clang, r-devel-linux-x86_64-fedora-gcc