Last updated on 2025-01-19 05:49:23 CET.
Flavor | Version | Tinstall | Tcheck | Ttotal | Status | Flags |
---|---|---|---|---|---|---|
r-devel-linux-x86_64-debian-clang | 0.3.0 | 94.16 | 38.49 | 132.65 | OK | |
r-devel-linux-x86_64-debian-gcc | 0.3.0 | 66.10 | 29.35 | 95.45 | OK | |
r-devel-linux-x86_64-fedora-clang | 0.3.0 | 251.78 | OK | |||
r-devel-linux-x86_64-fedora-gcc | 0.3.0 | 277.36 | OK | |||
r-devel-windows-x86_64 | 0.3.0 | 98.00 | 88.00 | 186.00 | OK | |
r-patched-linux-x86_64 | 0.3.0 | 92.47 | 36.80 | 129.27 | OK | |
r-release-linux-x86_64 | 0.3.0 | 94.16 | 36.95 | 131.11 | OK | |
r-release-macos-arm64 | 0.3.0 | 57.00 | NOTE | |||
r-release-macos-x86_64 | 0.3.0 | 65.00 | NOTE | |||
r-release-windows-x86_64 | 0.3.0 | 98.00 | 90.00 | 188.00 | OK | |
r-oldrel-macos-arm64 | 0.3.0 | 67.00 | NOTE | |||
r-oldrel-macos-x86_64 | 0.3.0 | 121.00 | NOTE | |||
r-oldrel-windows-x86_64 | 0.3.0 | 107.00 | 98.00 | 205.00 | OK |
Version: 0.3.0
Check: installed package size
Result: NOTE
installed size is 6.8Mb
sub-directories of 1Mb or more:
libs 6.5Mb
Flavors: r-release-macos-arm64, r-release-macos-x86_64, r-oldrel-macos-arm64, r-oldrel-macos-x86_64