Last updated on 2024-05-01 16:53:14 CEST.
Flavor | Version | Tinstall | Tcheck | Ttotal | Status | Flags |
---|---|---|---|---|---|---|
r-devel-linux-x86_64-debian-clang | 0.9.1 | 28.88 | 283.13 | 312.01 | OK | |
r-devel-linux-x86_64-debian-gcc | 0.9.1 | 26.64 | 201.89 | 228.53 | OK | |
r-devel-linux-x86_64-fedora-clang | 0.9.1 | 399.90 | NOTE | |||
r-devel-linux-x86_64-fedora-gcc | 0.9.1 | 390.51 | OK | |||
r-devel-windows-x86_64 | 0.9.1 | 25.00 | 222.00 | 247.00 | OK | |
r-patched-linux-x86_64 | 0.9.0 | 40.43 | 263.38 | 303.81 | OK | |
r-release-linux-x86_64 | 0.9.0 | 25.65 | 268.62 | 294.27 | OK | |
r-release-macos-arm64 | 0.9.1 | 81.00 | OK | |||
r-release-macos-x86_64 | 0.9.1 | 167.00 | OK | |||
r-release-windows-x86_64 | 0.9.1 | 27.00 | 217.00 | 244.00 | OK | |
r-oldrel-macos-arm64 | 0.9.1 | 95.00 | OK | |||
r-oldrel-macos-x86_64 | 0.9.1 | 154.00 | OK | |||
r-oldrel-windows-x86_64 | 0.9.1 | 28.00 | 216.00 | 244.00 | OK |
Version: 0.9.1
Check: package dependencies
Result: NOTE
Imports includes 24 non-default packages.
Importing from so many packages makes the package vulnerable to any of
them becoming unavailable. Move as many as possible to Suggests and
use conditionally.
Flavor: r-devel-linux-x86_64-fedora-clang
Version: 0.9.1
Check: Rd cross-references
Result: NOTE
Undeclared packages ‘emmeans’, ‘labeling’ in Rd xrefs
Flavor: r-devel-linux-x86_64-fedora-clang