Last updated on 2024-04-17 13:57:46 CEST.
Flavor | Version | Tinstall | Tcheck | Ttotal | Status | Flags |
---|---|---|---|---|---|---|
r-devel-linux-x86_64-debian-clang | 0.0.1 | 3.51 | 20.75 | 24.26 | NOTE | |
r-devel-linux-x86_64-debian-gcc | 0.0.1 | 3.03 | 16.34 | 19.37 | NOTE | |
r-devel-linux-x86_64-fedora-clang | 0.0.1 | 33.08 | NOTE | |||
r-devel-linux-x86_64-fedora-gcc | 0.0.1 | 31.28 | NOTE | |||
r-prerel-macos-arm64 | 0.0.1 | 15.00 | NOTE | |||
r-prerel-windows-x86_64 | 0.0.1 | 5.00 | 37.00 | 42.00 | NOTE | |
r-patched-linux-x86_64 | 0.0.1 | 7.21 | 19.51 | 26.72 | NOTE | |
r-release-linux-x86_64 | 0.0.1 | 3.29 | 19.62 | 22.91 | NOTE | |
r-release-macos-arm64 | 0.0.1 | 15.00 | NOTE | |||
r-release-macos-x86_64 | 0.0.1 | 18.00 | NOTE | |||
r-release-windows-x86_64 | 0.0.1 | 6.00 | 38.00 | 44.00 | NOTE | |
r-oldrel-macos-arm64 | 0.0.1 | 15.00 | NOTE | |||
r-oldrel-windows-x86_64 | 0.0.1 | 7.00 | 41.00 | 48.00 | NOTE |
Version: 0.0.1
Check: LazyData
Result: NOTE
'LazyData' is specified without a 'data' directory
Flavors: r-devel-linux-x86_64-debian-clang, r-devel-linux-x86_64-debian-gcc, r-devel-linux-x86_64-fedora-clang, r-devel-linux-x86_64-fedora-gcc, r-prerel-macos-arm64, r-prerel-windows-x86_64, r-patched-linux-x86_64, r-release-linux-x86_64, r-release-macos-arm64, r-release-macos-x86_64, r-release-windows-x86_64, r-oldrel-macos-arm64, r-oldrel-windows-x86_64
Version: 0.0.1
Check: dependencies in R code
Result: NOTE
Namespaces in Imports field not imported from:
‘httr’ ‘jsonlite’
All declared Imports should be used.
Flavors: r-devel-linux-x86_64-fedora-clang, r-devel-linux-x86_64-fedora-gcc, r-oldrel-macos-arm64