Last updated on 2025-01-19 05:49:23 CET.
Flavor | Version | Tinstall | Tcheck | Ttotal | Status | Flags |
---|---|---|---|---|---|---|
r-devel-linux-x86_64-debian-clang | 1.0.3 | 176.97 | 307.84 | 484.81 | NOTE | |
r-devel-linux-x86_64-debian-gcc | 1.0.3 | 125.68 | 200.26 | 325.94 | NOTE | |
r-devel-linux-x86_64-fedora-clang | 1.0.3 | 873.88 | NOTE | |||
r-devel-linux-x86_64-fedora-gcc | 1.0.3 | 859.67 | NOTE | |||
r-devel-windows-x86_64 | 1.0.3 | 187.00 | 271.00 | 458.00 | NOTE | |
r-patched-linux-x86_64 | 1.0.3 | 182.95 | 292.65 | 475.60 | NOTE | |
r-release-linux-x86_64 | 1.0.3 | 180.38 | 290.86 | 471.24 | NOTE | |
r-release-macos-arm64 | 1.0.3 | 175.00 | NOTE | |||
r-release-macos-x86_64 | 1.0.3 | 230.00 | NOTE | |||
r-release-windows-x86_64 | 1.0.3 | 184.00 | 277.00 | 461.00 | NOTE | |
r-oldrel-macos-arm64 | 1.0.3 | 203.00 | NOTE | |||
r-oldrel-macos-x86_64 | 1.0.3 | 354.00 | NOTE | |||
r-oldrel-windows-x86_64 | 1.0.3 | 205.00 | 366.00 | 571.00 | NOTE |
Version: 1.0.3
Check: C++ specification
Result: NOTE
Specified C++11: please drop specification unless essential
Flavors: r-devel-linux-x86_64-debian-clang, r-devel-linux-x86_64-debian-gcc, r-devel-linux-x86_64-fedora-clang, r-devel-linux-x86_64-fedora-gcc, r-devel-windows-x86_64, r-patched-linux-x86_64, r-release-linux-x86_64, r-release-macos-arm64, r-release-macos-x86_64, r-release-windows-x86_64, r-oldrel-macos-arm64, r-oldrel-macos-x86_64, r-oldrel-windows-x86_64
Version: 1.0.3
Check: installed package size
Result: NOTE
installed size is 19.2Mb
sub-directories of 1Mb or more:
data 2.4Mb
libs 16.5Mb
Flavors: r-release-macos-arm64, r-release-macos-x86_64, r-oldrel-macos-arm64, r-oldrel-macos-x86_64