Last updated on 2024-03-28 14:48:44 CET.
Flavor | Version | Tinstall | Tcheck | Ttotal | Status | Flags |
---|---|---|---|---|---|---|
r-devel-linux-x86_64-debian-clang | 3.0.0 | 13.23 | 64.54 | 77.77 | NOTE | |
r-devel-linux-x86_64-debian-gcc | 3.0.0 | 11.77 | 48.65 | 60.42 | NOTE | |
r-devel-linux-x86_64-fedora-clang | 3.0.0 | 105.94 | NOTE | |||
r-devel-linux-x86_64-fedora-gcc | 3.0.0 | 118.99 | NOTE | |||
r-devel-windows-x86_64 | 3.0.0 | 14.00 | 80.00 | 94.00 | NOTE | |
r-patched-linux-x86_64 | 3.0.0 | 17.38 | 63.72 | 81.10 | NOTE | |
r-release-linux-x86_64 | 3.0.0 | 11.69 | 61.55 | 73.24 | OK | |
r-release-macos-arm64 | 3.0.0 | 39.00 | OK | |||
r-release-macos-x86_64 | 3.0.0 | 60.00 | OK | |||
r-release-windows-x86_64 | 3.0.0 | 15.00 | 87.00 | 102.00 | OK | |
r-oldrel-macos-arm64 | 3.0.0 | 33.00 | OK | |||
r-oldrel-windows-x86_64 | 3.0.0 | 18.00 | 80.00 | 98.00 | OK |
Version: 3.0.0
Check: Rd files
Result: NOTE
checkRd: (-1) sendChatAction.Rd:16: Lost braces in \itemize; meant \describe ?
checkRd: (-1) sendChatAction.Rd:17: Lost braces in \itemize; meant \describe ?
checkRd: (-1) sendChatAction.Rd:18: Lost braces in \itemize; meant \describe ?
checkRd: (-1) sendChatAction.Rd:19: Lost braces in \itemize; meant \describe ?
checkRd: (-1) sendChatAction.Rd:20: Lost braces in \itemize; meant \describe ?
checkRd: (-1) sendChatAction.Rd:21: Lost braces in \itemize; meant \describe ?
checkRd: (-1) sendChatAction.Rd:22: Lost braces in \itemize; meant \describe ?
checkRd: (-1) sendChatAction.Rd:23: Lost braces in \itemize; meant \describe ?
checkRd: (-1) sendChatAction.Rd:24: Lost braces in \itemize; meant \describe ?
checkRd: (-1) sendChatAction.Rd:25: Lost braces in \itemize; meant \describe ?
Flavors: r-devel-linux-x86_64-debian-clang, r-devel-linux-x86_64-debian-gcc, r-devel-linux-x86_64-fedora-clang, r-devel-linux-x86_64-fedora-gcc, r-devel-windows-x86_64, r-patched-linux-x86_64