Last updated on 2025-01-19 05:49:23 CET.
Flavor | Version | Tinstall | Tcheck | Ttotal | Status | Flags |
---|---|---|---|---|---|---|
r-devel-linux-x86_64-debian-clang | 0.9.1 | 15.24 | 125.59 | 140.83 | OK | |
r-devel-linux-x86_64-debian-gcc | 0.9.1 | 10.91 | 85.53 | 96.44 | OK | |
r-devel-linux-x86_64-fedora-clang | 0.9.1 | 231.25 | OK | |||
r-devel-linux-x86_64-fedora-gcc | 0.9.1 | 216.38 | OK | |||
r-devel-windows-x86_64 | 0.9.1 | 19.00 | 135.00 | 154.00 | OK | |
r-patched-linux-x86_64 | 0.9.1 | 16.02 | 115.18 | 131.20 | NOTE | |
r-release-linux-x86_64 | 0.9.1 | 15.92 | 110.80 | 126.72 | NOTE | |
r-release-macos-arm64 | 0.9.1 | 62.00 | NOTE | |||
r-release-macos-x86_64 | 0.9.1 | 135.00 | NOTE | |||
r-release-windows-x86_64 | 0.9.1 | 17.00 | 126.00 | 143.00 | OK | |
r-oldrel-macos-arm64 | 0.9.1 | 63.00 | NOTE | |||
r-oldrel-macos-x86_64 | 0.9.1 | 111.00 | NOTE | |||
r-oldrel-windows-x86_64 | 0.9.1 | 21.00 | 157.00 | 178.00 | NOTE |
Version: 0.9.1
Check: package dependencies
Result: NOTE
Package suggested but not available for checking: ‘INLA’
Flavors: r-patched-linux-x86_64, r-release-linux-x86_64, r-release-macos-arm64, r-release-macos-x86_64, r-oldrel-macos-arm64, r-oldrel-macos-x86_64, r-oldrel-windows-x86_64