Last updated on 2024-05-01 16:53:14 CEST.
Flavor | Version | Tinstall | Tcheck | Ttotal | Status | Flags |
---|---|---|---|---|---|---|
r-devel-linux-x86_64-debian-clang | 1.1.1 | 234.70 | 45.29 | 279.99 | OK | |
r-devel-linux-x86_64-debian-gcc | 1.1.1 | 180.19 | 43.95 | 224.14 | OK | |
r-devel-linux-x86_64-fedora-clang | 1.1.1 | 395.29 | OK | |||
r-devel-linux-x86_64-fedora-gcc | 1.1.1 | 454.31 | OK | |||
r-devel-windows-x86_64 | 1.1.1 | 153.00 | 87.00 | 240.00 | OK | |
r-patched-linux-x86_64 | 1.1.1 | 215.35 | 56.02 | 271.37 | OK | |
r-release-linux-x86_64 | 1.1.1 | 225.65 | 56.38 | 282.03 | OK | |
r-release-macos-arm64 | 1.1.1 | 106.00 | NOTE | |||
r-release-macos-x86_64 | 1.1.1 | 153.00 | NOTE | |||
r-release-windows-x86_64 | 1.1.1 | 167.00 | 86.00 | 253.00 | OK | |
r-oldrel-macos-arm64 | 1.1.1 | 97.00 | NOTE | |||
r-oldrel-macos-x86_64 | 1.1.1 | 147.00 | NOTE | |||
r-oldrel-windows-x86_64 | 1.1.1 | 202.00 | 92.00 | 294.00 | OK |
Version: 1.1.1
Check: installed package size
Result: NOTE
installed size is 14.9Mb
sub-directories of 1Mb or more:
libs 14.8Mb
Flavors: r-release-macos-arm64, r-release-macos-x86_64, r-oldrel-macos-arm64, r-oldrel-macos-x86_64