Last updated on 2025-01-19 05:49:23 CET.
Flavor | Version | Tinstall | Tcheck | Ttotal | Status | Flags |
---|---|---|---|---|---|---|
r-devel-linux-x86_64-debian-clang | 1.0.1 | 2.98 | 172.76 | 175.74 | OK | |
r-devel-linux-x86_64-debian-gcc | 1.0.1 | 2.08 | 102.26 | 104.34 | OK | |
r-devel-linux-x86_64-fedora-clang | 1.0.1 | 288.26 | OK | |||
r-devel-linux-x86_64-fedora-gcc | 1.0.1 | 303.37 | OK | |||
r-devel-windows-x86_64 | 1.0.1 | 5.00 | 184.00 | 189.00 | OK | |
r-patched-linux-x86_64 | 1.0.1 | 3.93 | 160.92 | 164.85 | NOTE | |
r-release-linux-x86_64 | 1.0.1 | 3.32 | 162.59 | 165.91 | NOTE | |
r-release-macos-arm64 | 1.0.1 | 83.00 | NOTE | |||
r-release-macos-x86_64 | 1.0.1 | 133.00 | NOTE | |||
r-release-windows-x86_64 | 1.0.1 | 4.00 | 180.00 | 184.00 | NOTE | |
r-oldrel-macos-arm64 | 1.0.1 | 97.00 | NOTE | |||
r-oldrel-macos-x86_64 | 1.0.1 | 162.00 | NOTE | |||
r-oldrel-windows-x86_64 | 1.0.1 | 5.00 | 219.00 | 224.00 | NOTE |
Version: 1.0.1
Check: LazyData
Result: NOTE
'LazyData' is specified without a 'data' directory
Flavors: r-patched-linux-x86_64, r-release-linux-x86_64, r-release-macos-arm64, r-release-macos-x86_64, r-release-windows-x86_64, r-oldrel-macos-arm64, r-oldrel-macos-x86_64, r-oldrel-windows-x86_64