CRAN Package Check Results for Package term

Last updated on 2025-01-19 05:49:23 CET.

Flavor Version Tinstall Tcheck Ttotal Status Flags
r-devel-linux-x86_64-debian-clang 0.3.5 3.68 40.46 44.14 NOTE
r-devel-linux-x86_64-debian-gcc 0.3.5 2.54 29.58 32.12 NOTE
r-devel-linux-x86_64-fedora-clang 0.3.5 75.88 OK
r-devel-linux-x86_64-fedora-gcc 0.3.5 67.64 OK
r-devel-windows-x86_64 0.3.5 7.00 70.00 77.00 NOTE
r-patched-linux-x86_64 0.3.5 7.02 38.02 45.04 OK
r-release-linux-x86_64 0.3.5 2.76 38.79 41.55 OK
r-release-macos-arm64 0.3.5 25.00 OK
r-release-macos-x86_64 0.3.5 35.00 OK
r-release-windows-x86_64 0.3.5 6.00 66.00 72.00 OK
r-oldrel-macos-arm64 0.3.5 29.00 OK
r-oldrel-macos-x86_64 0.3.5 36.00 OK
r-oldrel-windows-x86_64 0.3.5 6.00 76.00 82.00 OK

Check Details

Version: 0.3.5
Check: Rd cross-references
Result: NOTE Found the following Rd file(s) with Rd \link{} targets missing package anchors: vld_term.Rd: chk_s3_class Please provide package anchors for all Rd \link{} targets not in the package itself and the base packages. Flavors: r-devel-linux-x86_64-debian-clang, r-devel-linux-x86_64-debian-gcc, r-devel-windows-x86_64