Last updated on 2025-01-19 05:49:23 CET.
Flavor | Version | Tinstall | Tcheck | Ttotal | Status | Flags |
---|---|---|---|---|---|---|
r-devel-linux-x86_64-debian-clang | 0.1.4 | 12.88 | 135.98 | 148.86 | OK | |
r-devel-linux-x86_64-debian-gcc | 0.1.4 | 9.64 | 97.48 | 107.12 | OK | |
r-devel-linux-x86_64-fedora-clang | 0.1.4 | 184.32 | ERROR | |||
r-devel-linux-x86_64-fedora-gcc | 0.1.4 | 330.54 | OK | |||
r-devel-windows-x86_64 | 0.1.4 | 15.00 | 132.00 | 147.00 | OK | |
r-patched-linux-x86_64 | 0.1.4 | 11.38 | 127.04 | 138.42 | OK | |
r-release-linux-x86_64 | 0.1.4 | 11.41 | 127.19 | 138.60 | OK | |
r-release-macos-arm64 | 0.1.4 | 79.00 | OK | |||
r-release-macos-x86_64 | 0.1.4 | 115.00 | OK | |||
r-release-windows-x86_64 | 0.1.4 | 14.00 | 130.00 | 144.00 | OK | |
r-oldrel-macos-arm64 | 0.1.4 | 74.00 | OK | |||
r-oldrel-macos-x86_64 | 0.1.4 | 110.00 | OK | |||
r-oldrel-windows-x86_64 | 0.1.4 | 18.00 | 164.00 | 182.00 | OK |
Version: 0.1.4
Check: re-building of vignette outputs
Result: ERROR
Error(s) in re-building vignettes:
--- re-building ‘tern-rbmi.Rmd’ using rmarkdown
Quitting from lines 164-172 [unnamed-chunk-7] (tern-rbmi.Rmd)
Error: processing vignette 'tern-rbmi.Rmd' failed with diagnostics:
cannot allocate vector of size 1043960.4 Gb
--- failed re-building ‘tern-rbmi.Rmd’
SUMMARY: processing the following file failed:
‘tern-rbmi.Rmd’
Error: Vignette re-building failed.
Execution halted
Flavor: r-devel-linux-x86_64-fedora-clang