Last updated on 2025-01-19 05:49:23 CET.
Flavor | Version | Tinstall | Tcheck | Ttotal | Status | Flags |
---|---|---|---|---|---|---|
r-devel-linux-x86_64-debian-clang | 0.7.5 | 5.63 | 52.08 | 57.71 | NOTE | |
r-devel-linux-x86_64-debian-gcc | 0.7.5 | 3.63 | 36.46 | 40.09 | NOTE | |
r-devel-linux-x86_64-fedora-clang | 0.7.5 | 93.52 | OK | |||
r-devel-linux-x86_64-fedora-gcc | 0.7.5 | 102.73 | OK | |||
r-devel-windows-x86_64 | 0.7.5 | 8.00 | 73.00 | 81.00 | NOTE | |
r-patched-linux-x86_64 | 0.7.5 | 10.52 | 48.11 | 58.63 | OK | |
r-release-linux-x86_64 | 0.7.5 | 5.33 | 47.52 | 52.85 | OK | |
r-release-macos-arm64 | 0.7.5 | 38.00 | OK | |||
r-release-macos-x86_64 | 0.7.5 | 56.00 | OK | |||
r-release-windows-x86_64 | 0.7.5 | 7.00 | 72.00 | 79.00 | OK | |
r-oldrel-macos-arm64 | 0.7.5 | 99.00 | OK | |||
r-oldrel-macos-x86_64 | 0.7.5 | 77.00 | OK | |||
r-oldrel-windows-x86_64 | 0.7.5 | 8.00 | 79.00 | 87.00 | OK |
Version: 0.7.5
Check: Rd cross-references
Result: NOTE
Found the following Rd file(s) with Rd \link{} targets missing package
anchors:
geom_spatial_rgb.Rd: ggplot2
Please provide package anchors for all Rd \link{} targets not in the
package itself and the base packages.
Flavors: r-devel-linux-x86_64-debian-clang, r-devel-linux-x86_64-debian-gcc, r-devel-windows-x86_64