Last updated on 2025-01-19 05:49:23 CET.
Flavor | Version | Tinstall | Tcheck | Ttotal | Status | Flags |
---|---|---|---|---|---|---|
r-devel-linux-x86_64-debian-clang | 0.2.0 | 32.10 | 62.16 | 94.26 | OK | |
r-devel-linux-x86_64-debian-gcc | 0.2.0 | 23.15 | 43.93 | 67.08 | OK | |
r-devel-linux-x86_64-fedora-clang | 0.2.0 | 169.44 | NOTE | |||
r-devel-linux-x86_64-fedora-gcc | 0.2.0 | 159.03 | NOTE | |||
r-devel-windows-x86_64 | 0.2.0 | 34.00 | 92.00 | 126.00 | OK | |
r-patched-linux-x86_64 | 0.2.0 | 32.64 | 56.70 | 89.34 | OK | |
r-release-linux-x86_64 | 0.2.0 | 30.15 | 55.56 | 85.71 | OK | |
r-release-macos-arm64 | 0.2.0 | 45.00 | OK | |||
r-release-macos-x86_64 | 0.2.0 | 58.00 | OK | |||
r-release-windows-x86_64 | 0.2.0 | 36.00 | 89.00 | 125.00 | OK | |
r-oldrel-macos-arm64 | 0.2.0 | 52.00 | OK | |||
r-oldrel-macos-x86_64 | 0.2.0 | 80.00 | OK | |||
r-oldrel-windows-x86_64 | 0.2.0 | 45.00 | 111.00 | 156.00 | OK |
Version: 0.2.0
Check: compiled code
Result: NOTE
File ‘testforDEP/libs/testforDEP.so’:
Found no calls to: ‘R_registerRoutines’, ‘R_useDynamicSymbols’
It is good practice to register native routines and to disable symbol
search.
See ‘Writing portable packages’ in the ‘Writing R Extensions’ manual.
Flavors: r-devel-linux-x86_64-fedora-clang, r-devel-linux-x86_64-fedora-gcc