Last updated on 2024-04-21 13:55:48 CEST.
Flavor | Version | Tinstall | Tcheck | Ttotal | Status | Flags |
---|---|---|---|---|---|---|
r-devel-linux-x86_64-debian-clang | 0.1.21 | 8.32 | 104.35 | 112.67 | NOTE | |
r-devel-linux-x86_64-debian-gcc | 0.1.21 | 5.46 | 76.08 | 81.54 | NOTE | |
r-devel-linux-x86_64-fedora-clang | 0.1.21 | 139.50 | NOTE | |||
r-devel-linux-x86_64-fedora-gcc | 0.1.21 | 126.00 | NOTE | |||
r-prerel-macos-arm64 | 0.1.21 | 39.00 | NOTE | |||
r-prerel-windows-x86_64 | 0.1.21 | 12.00 | 94.00 | 106.00 | NOTE | |
r-patched-linux-x86_64 | 0.1.21 | 5.09 | 99.44 | 104.53 | NOTE | |
r-release-linux-x86_64 | 0.1.21 | 6.32 | 101.85 | 108.17 | NOTE | |
r-release-macos-arm64 | 0.1.21 | 49.00 | NOTE | |||
r-release-macos-x86_64 | 0.1.21 | 76.00 | NOTE | |||
r-release-windows-x86_64 | 0.1.21 | 13.00 | 113.00 | 126.00 | NOTE | |
r-oldrel-macos-arm64 | 0.1.21 | 29.00 | NOTE | |||
r-oldrel-windows-x86_64 | 0.1.21 | 13.00 | 111.00 | 124.00 | NOTE |
Version: 0.1.21
Check: LazyData
Result: NOTE
'LazyData' is specified without a 'data' directory
Flavors: r-devel-linux-x86_64-debian-clang, r-devel-linux-x86_64-debian-gcc, r-devel-linux-x86_64-fedora-clang, r-devel-linux-x86_64-fedora-gcc, r-prerel-macos-arm64, r-prerel-windows-x86_64, r-patched-linux-x86_64, r-release-linux-x86_64, r-release-macos-arm64, r-release-macos-x86_64, r-release-windows-x86_64, r-oldrel-macos-arm64, r-oldrel-windows-x86_64