CRAN Package Check Results for Package texreg

Last updated on 2020-04-08 12:49:10 CEST.

Flavor Version Tinstall Tcheck Ttotal Status Flags
r-devel-linux-x86_64-debian-clang 1.36.23 11.98 89.65 101.63 NOTE
r-devel-linux-x86_64-debian-gcc 1.36.23 10.32 69.66 79.98 NOTE
r-devel-linux-x86_64-fedora-clang 1.36.23 135.91 NOTE
r-devel-linux-x86_64-fedora-gcc 1.36.23 136.41 NOTE
r-devel-windows-ix86+x86_64 1.36.23 18.00 137.00 155.00 OK
r-devel-windows-ix86+x86_64-gcc8 1.36.23 19.00 93.00 112.00 OK
r-patched-linux-x86_64 1.36.23 12.44 87.69 100.13 NOTE
r-patched-solaris-x86 1.36.23 166.40 NOTE
r-release-linux-x86_64 1.36.23 10.36 81.34 91.70 NOTE
r-release-windows-ix86+x86_64 1.36.23 16.00 126.00 142.00 OK
r-release-osx-x86_64 1.36.23 NOTE
r-oldrel-windows-ix86+x86_64 1.36.23 19.00 93.00 112.00 OK
r-oldrel-osx-x86_64 1.36.23 OK

Check Details

Version: 1.36.23
Check: package dependencies
Result: NOTE
    Package suggested but not available for checking: 'Zelig'
    
    Package which this enhances but not available for checking: 'xergm'
Flavors: r-devel-linux-x86_64-debian-clang, r-devel-linux-x86_64-debian-gcc, r-devel-linux-x86_64-fedora-clang, r-devel-linux-x86_64-fedora-gcc, r-patched-solaris-x86

Version: 1.36.23
Check: package dependencies
Result: NOTE
    Packages suggested but not available for checking: 'btergm', 'Zelig'
    
    Package which this enhances but not available for checking: ‘xergm’
Flavors: r-patched-linux-x86_64, r-release-linux-x86_64

Version: 1.36.23
Check: package dependencies
Result: NOTE
    Package which this enhances but not available for checking: ‘mnlogit’
Flavor: r-release-osx-x86_64