CRAN Package Check Results for Package text2sdgData

Last updated on 2025-01-19 05:49:23 CET.

Flavor Version Tinstall Tcheck Ttotal Status Flags
r-devel-linux-x86_64-debian-clang 0.1.1 16.98 26.97 43.95 OK
r-devel-linux-x86_64-debian-gcc 0.1.1 13.24 21.55 34.79 OK
r-devel-linux-x86_64-fedora-clang 0.1.1 66.48 OK
r-devel-linux-x86_64-fedora-gcc 0.1.1 66.59 OK
r-devel-windows-x86_64 0.1.1 15.00 45.00 60.00 OK
r-patched-linux-x86_64 0.1.1 15.56 25.38 40.94 OK
r-release-linux-x86_64 0.1.1 16.40 25.97 42.37 OK
r-release-macos-arm64 0.1.1 29.00 NOTE
r-release-macos-x86_64 0.1.1 43.00 NOTE
r-release-windows-x86_64 0.1.1 16.00 43.00 59.00 NOTE
r-oldrel-macos-arm64 0.1.1 29.00 NOTE
r-oldrel-macos-x86_64 0.1.1 51.00 NOTE
r-oldrel-windows-x86_64 0.1.1 19.00 46.00 65.00 NOTE

Check Details

Version: 0.1.1
Check: installed package size
Result: NOTE installed size is 6.2Mb sub-directories of 1Mb or more: data 6.2Mb Flavors: r-release-macos-arm64, r-release-macos-x86_64, r-release-windows-x86_64, r-oldrel-macos-arm64, r-oldrel-macos-x86_64, r-oldrel-windows-x86_64