CRAN Package Check Results for Package textTools

Last updated on 2025-01-19 05:49:23 CET.

Flavor Version Tinstall Tcheck Ttotal Status Flags
r-devel-linux-x86_64-debian-clang 0.1.0 12.85 36.48 49.33 OK
r-devel-linux-x86_64-debian-gcc 0.1.0 11.45 27.53 38.98 OK
r-devel-linux-x86_64-fedora-clang 0.1.0 75.62 OK
r-devel-linux-x86_64-fedora-gcc 0.1.0 72.99 OK
r-devel-windows-x86_64 0.1.0 14.00 63.00 77.00 OK
r-patched-linux-x86_64 0.1.0 13.83 31.83 45.66 NOTE
r-release-linux-x86_64 0.1.0 14.14 32.10 46.24 NOTE
r-release-macos-arm64 0.1.0 30.00 NOTE
r-release-macos-x86_64 0.1.0 50.00 NOTE
r-release-windows-x86_64 0.1.0 13.00 65.00 78.00 NOTE
r-oldrel-macos-arm64 0.1.0 32.00 NOTE
r-oldrel-macos-x86_64 0.1.0 45.00 NOTE
r-oldrel-windows-x86_64 0.1.0 12.00 66.00 78.00 NOTE

Check Details

Version: 0.1.0
Check: LazyData
Result: NOTE 'LazyData' is specified without a 'data' directory Flavors: r-patched-linux-x86_64, r-release-linux-x86_64, r-release-macos-arm64, r-release-macos-x86_64, r-release-windows-x86_64, r-oldrel-macos-arm64, r-oldrel-macos-x86_64, r-oldrel-windows-x86_64