CRAN Package Check Results for Package textgRid

Last updated on 2025-01-19 05:49:23 CET.

Flavor Version Tinstall Tcheck Ttotal Status Flags
r-devel-linux-x86_64-debian-clang 1.0.1 2.12 22.35 24.47 OK
r-devel-linux-x86_64-debian-gcc 1.0.1 1.76 18.05 19.81 OK
r-devel-linux-x86_64-fedora-clang 1.0.1 39.45 OK
r-devel-linux-x86_64-fedora-gcc 1.0.1 38.75 OK
r-devel-windows-x86_64 1.0.1 3.00 52.00 55.00 OK
r-patched-linux-x86_64 1.0.1 2.40 21.41 23.81 NOTE
r-release-linux-x86_64 1.0.1 1.88 21.72 23.60 NOTE
r-release-macos-arm64 1.0.1 18.00 NOTE
r-release-macos-x86_64 1.0.1 23.00 NOTE
r-release-windows-x86_64 1.0.1 4.00 51.00 55.00 NOTE
r-oldrel-macos-arm64 1.0.1 17.00 NOTE
r-oldrel-macos-x86_64 1.0.1 23.00 NOTE
r-oldrel-windows-x86_64 1.0.1 4.00 52.00 56.00 NOTE

Check Details

Version: 1.0.1
Check: LazyData
Result: NOTE 'LazyData' is specified without a 'data' directory Flavors: r-patched-linux-x86_64, r-release-linux-x86_64, r-release-macos-arm64, r-release-macos-x86_64, r-release-windows-x86_64, r-oldrel-macos-arm64, r-oldrel-macos-x86_64, r-oldrel-windows-x86_64