Last updated on 2024-04-21 13:55:48 CEST.
Flavor | Version | Tinstall | Tcheck | Ttotal | Status | Flags |
---|---|---|---|---|---|---|
r-devel-linux-x86_64-debian-clang | 3.0.5 | 111.87 | 405.85 | 517.72 | NOTE | |
r-devel-linux-x86_64-debian-gcc | 3.0.5 | 85.67 | 291.80 | 377.47 | NOTE | |
r-devel-linux-x86_64-fedora-clang | 3.0.5 | 582.63 | NOTE | |||
r-devel-linux-x86_64-fedora-gcc | 3.0.5 | 539.75 | NOTE | |||
r-prerel-macos-arm64 | 3.0.5 | 193.00 | NOTE | |||
r-prerel-windows-x86_64 | 3.0.5 | 88.00 | 374.00 | 462.00 | NOTE | |
r-patched-linux-x86_64 | 3.0.5 | 112.86 | 390.57 | 503.43 | NOTE | |
r-release-linux-x86_64 | 3.0.5 | 108.07 | 380.47 | 488.54 | NOTE | |
r-release-macos-arm64 | 3.0.5 | 229.00 | NOTE | |||
r-release-macos-x86_64 | 3.0.5 | 363.00 | NOTE | |||
r-release-windows-x86_64 | 3.0.5 | 112.00 | 468.00 | 580.00 | NOTE | |
r-oldrel-macos-arm64 | 3.0.5 | 180.00 | NOTE | |||
r-oldrel-windows-x86_64 | 3.0.5 | 113.00 | 463.00 | 576.00 | OK |
Version: 3.0.5
Check: C++ specification
Result: NOTE
Specified C++11: please drop specification unless essential
Flavors: r-devel-linux-x86_64-debian-clang, r-devel-linux-x86_64-debian-gcc, r-devel-linux-x86_64-fedora-clang, r-devel-linux-x86_64-fedora-gcc, r-prerel-macos-arm64, r-prerel-windows-x86_64, r-patched-linux-x86_64, r-release-linux-x86_64, r-release-macos-arm64, r-release-macos-x86_64, r-release-windows-x86_64
Version: 3.0.5
Check: Rd cross-references
Result: NOTE
Undeclared package ‘tm’ in Rd xrefs
Flavor: r-devel-linux-x86_64-fedora-clang
Version: 3.0.5
Check: installed package size
Result: NOTE
installed size is 5.1Mb
sub-directories of 1Mb or more:
libs 3.2Mb
Flavors: r-prerel-macos-arm64, r-release-macos-arm64, r-release-macos-x86_64, r-oldrel-macos-arm64