Last updated on 2024-04-25 18:49:44 CEST.
Flavor | Version | Tinstall | Tcheck | Ttotal | Status | Flags |
---|---|---|---|---|---|---|
r-devel-linux-x86_64-debian-clang | 1.0.6 | 23.35 | 240.59 | 263.94 | NOTE | |
r-devel-linux-x86_64-debian-gcc | 1.0.6 | 16.76 | 169.38 | 186.14 | NOTE | |
r-devel-linux-x86_64-fedora-clang | 1.0.6 | 348.88 | NOTE | |||
r-devel-linux-x86_64-fedora-gcc | 1.0.6 | 336.26 | NOTE | |||
r-devel-windows-x86_64 | 1.0.6 | 20.00 | 193.00 | 213.00 | OK | |
r-patched-linux-x86_64 | 1.0.6 | 24.37 | 223.40 | 247.77 | OK | |
r-release-linux-x86_64 | 1.0.6 | 14.91 | 229.51 | 244.42 | OK | |
r-release-macos-arm64 | 1.0.6 | 97.00 | OK | |||
r-release-windows-x86_64 | 1.0.6 | 21.00 | 188.00 | 209.00 | OK | |
r-oldrel-macos-arm64 | 1.0.6 | 242.00 | OK | |||
r-oldrel-macos-x86_64 | 1.0.6 | 308.00 | OK | |||
r-oldrel-windows-x86_64 | 1.0.6 | 27.00 | 233.00 | 260.00 | OK |
Version: 1.0.6
Check: compiled code
Result: NOTE
File ‘textrecipes/libs/textrecipes.so’:
Found non-API calls to R: ‘SETLENGTH’, ‘SET_TRUELENGTH’
Compiled code should not call non-API entry points in R.
See ‘Writing portable packages’ in the ‘Writing R Extensions’ manual.
Flavors: r-devel-linux-x86_64-debian-clang, r-devel-linux-x86_64-debian-gcc, r-devel-linux-x86_64-fedora-clang, r-devel-linux-x86_64-fedora-gcc
Version: 1.0.6
Check: data for non-ASCII characters
Result: NOTE
Note: found 4 marked UTF-8 strings
Flavors: r-devel-linux-x86_64-fedora-clang, r-devel-linux-x86_64-fedora-gcc