CRAN Package Check Results for Package textshaping

Last updated on 2025-01-19 05:49:23 CET.

Flavor Version Tinstall Tcheck Ttotal Status Flags
r-devel-linux-x86_64-debian-clang 0.4.1 17.01 27.15 44.16 OK
r-devel-linux-x86_64-debian-gcc 0.4.1 14.88 21.81 36.69 OK
r-devel-linux-x86_64-fedora-clang 0.4.1 90.78 OK
r-devel-linux-x86_64-fedora-gcc 0.4.1 97.33 OK
r-devel-windows-x86_64 0.4.1 30.00 69.00 99.00 OK
r-patched-linux-x86_64 0.4.1 18.63 26.44 45.07 OK
r-release-linux-x86_64 0.4.1 19.51 26.06 45.57 OK
r-release-macos-arm64 0.4.1 39.00 NOTE
r-release-macos-x86_64 0.4.1 84.00 NOTE
r-release-windows-x86_64 0.4.1 32.00 68.00 100.00 OK
r-oldrel-macos-arm64 0.4.1 48.00 NOTE
r-oldrel-macos-x86_64 0.4.1 71.00 NOTE
r-oldrel-windows-x86_64 0.4.1 30.00 73.00 103.00 OK

Additional issues

rchk

Check Details

Version: 0.4.1
Check: installed package size
Result: NOTE installed size is 22.9Mb sub-directories of 1Mb or more: libs 22.7Mb Flavors: r-release-macos-arm64, r-release-macos-x86_64, r-oldrel-macos-arm64, r-oldrel-macos-x86_64