Last updated on 2025-01-19 05:49:23 CET.
Flavor | Version | Tinstall | Tcheck | Ttotal | Status | Flags |
---|---|---|---|---|---|---|
r-devel-linux-x86_64-debian-clang | 0.3.2 | 126.79 | 59.82 | 186.61 | NOTE | |
r-devel-linux-x86_64-debian-gcc | 0.3.2 | 91.67 | 41.66 | 133.33 | NOTE | |
r-devel-linux-x86_64-fedora-clang | 0.3.2 | 394.74 | NOTE | |||
r-devel-linux-x86_64-fedora-gcc | 0.3.2 | 401.00 | NOTE | |||
r-devel-windows-x86_64 | 0.3.2 | 139.00 | 115.00 | 254.00 | NOTE | |
r-patched-linux-x86_64 | 0.3.2 | 134.16 | 56.89 | 191.05 | NOTE | |
r-release-linux-x86_64 | 0.3.2 | 131.78 | 57.15 | 188.93 | NOTE | |
r-release-macos-arm64 | 0.3.2 | 76.00 | NOTE | |||
r-release-macos-x86_64 | 0.3.2 | 92.00 | NOTE | |||
r-release-windows-x86_64 | 0.3.2 | 139.00 | 116.00 | 255.00 | NOTE | |
r-oldrel-macos-arm64 | 0.3.2 | 94.00 | NOTE | |||
r-oldrel-macos-x86_64 | 0.3.2 | 178.00 | NOTE | |||
r-oldrel-windows-x86_64 | 0.3.2 | 156.00 | 133.00 | 289.00 | NOTE |
Version: 0.3.2
Check: C++ specification
Result: NOTE
Specified C++11: please drop specification unless essential
Flavors: r-devel-linux-x86_64-debian-clang, r-devel-linux-x86_64-debian-gcc, r-devel-linux-x86_64-fedora-clang, r-devel-linux-x86_64-fedora-gcc, r-devel-windows-x86_64, r-patched-linux-x86_64, r-release-linux-x86_64, r-release-macos-arm64, r-release-macos-x86_64, r-release-windows-x86_64, r-oldrel-macos-arm64, r-oldrel-macos-x86_64, r-oldrel-windows-x86_64
Version: 0.3.2
Check: installed package size
Result: NOTE
installed size is 6.9Mb
sub-directories of 1Mb or more:
libs 6.1Mb
Flavors: r-release-macos-arm64, r-release-macos-x86_64, r-oldrel-macos-arm64, r-oldrel-macos-x86_64