CRAN Package Check Results for Package tfplot

Last updated on 2025-01-19 05:49:23 CET.

Flavor Version Tinstall Tcheck Ttotal Status Flags
r-devel-linux-x86_64-debian-clang 2021.6-1 2.17 25.53 27.70 NOTE
r-devel-linux-x86_64-debian-gcc 2021.6-1 1.54 20.70 22.24 NOTE
r-devel-linux-x86_64-fedora-clang 2021.6-1 46.11 OK
r-devel-linux-x86_64-fedora-gcc 2021.6-1 58.14 OK
r-devel-windows-x86_64 2021.6-1 4.00 65.00 69.00 NOTE
r-patched-linux-x86_64 2021.6-1 3.48 24.58 28.06 OK
r-release-linux-x86_64 2021.6-1 1.98 24.41 26.39 OK
r-release-macos-arm64 2021.6-1 24.00 OK
r-release-macos-x86_64 2021.6-1 38.00 OK
r-release-windows-x86_64 2021.6-1 4.00 60.00 64.00 OK
r-oldrel-macos-arm64 2021.6-1 24.00 OK
r-oldrel-macos-x86_64 2021.6-1 34.00 OK
r-oldrel-windows-x86_64 2021.6-1 3.00 55.00 58.00 OK

Check Details

Version: 2021.6-1
Check: Rd cross-references
Result: NOTE Found the following Rd file(s) with Rd \link{} targets missing package anchors: addDate.Rd: tfExpand tfplot.Rd: tfprint, tframe, tframed Please provide package anchors for all Rd \link{} targets not in the package itself and the base packages. Flavors: r-devel-linux-x86_64-debian-clang, r-devel-linux-x86_64-debian-gcc, r-devel-windows-x86_64