CRAN Package Check Results for Package tfprobability

Last updated on 2025-01-19 05:49:23 CET.

Flavor Version Tinstall Tcheck Ttotal Status Flags
r-devel-linux-x86_64-debian-clang 0.15.1 14.51 185.81 200.32 NOTE
r-devel-linux-x86_64-debian-gcc 0.15.1 10.26 123.16 133.42 NOTE
r-devel-linux-x86_64-fedora-clang 0.15.1 322.25 NOTE
r-devel-linux-x86_64-fedora-gcc 0.15.1 311.86 NOTE
r-devel-windows-x86_64 0.15.1 20.00 299.00 319.00 NOTE
r-patched-linux-x86_64 0.15.1 49.41 170.99 220.40 NOTE
r-release-linux-x86_64 0.15.1 14.57 170.24 184.81 NOTE
r-release-macos-arm64 0.15.1 81.00 NOTE
r-release-macos-x86_64 0.15.1 123.00 NOTE
r-release-windows-x86_64 0.15.1 19.00 280.00 299.00 NOTE
r-oldrel-macos-arm64 0.15.1 91.00 OK
r-oldrel-macos-x86_64 0.15.1 148.00 OK
r-oldrel-windows-x86_64 0.15.1 22.00 330.00 352.00 OK

Additional issues

donttest

Check Details

Version: 0.15.1
Check: Rd files
Result: NOTE checkRd: (-1) tfd_von_mises_fisher.Rd:63: Lost braces; missing escapes or markup? 63 | NOTE: Currently only n in {2, 3, 4, 5} are supported. For n=5 some numerical | ^ Flavors: r-devel-linux-x86_64-debian-clang, r-devel-linux-x86_64-debian-gcc, r-devel-linux-x86_64-fedora-clang, r-devel-linux-x86_64-fedora-gcc, r-devel-windows-x86_64, r-patched-linux-x86_64, r-release-linux-x86_64, r-release-macos-arm64, r-release-macos-x86_64, r-release-windows-x86_64

Version: 0.15.1
Check: Rd cross-references
Result: NOTE Found the following Rd file(s) with Rd \link{} targets missing package anchors: initializer_blockwise.Rd: initializer_constant Please provide package anchors for all Rd \link{} targets not in the package itself and the base packages. Flavors: r-devel-linux-x86_64-debian-clang, r-devel-linux-x86_64-debian-gcc, r-devel-windows-x86_64