Last updated on 2024-03-28 14:48:44 CET.
Flavor | Version | Tinstall | Tcheck | Ttotal | Status | Flags |
---|---|---|---|---|---|---|
r-devel-linux-x86_64-debian-clang | 2.4-22 | 44.45 | 62.69 | 107.14 | OK | --no-vignettes |
r-devel-linux-x86_64-debian-gcc | 2.4-22 | 32.31 | 46.32 | 78.63 | OK | --no-vignettes |
r-devel-linux-x86_64-fedora-clang | 2.4-22 | 157.56 | NOTE | --no-vignettes | ||
r-devel-linux-x86_64-fedora-gcc | 2.4-22 | 132.85 | OK | --no-vignettes | ||
r-devel-windows-x86_64 | 2.4-22 | 45.00 | 78.00 | 123.00 | OK | --no-examples --no-tests --no-vignettes |
r-patched-linux-x86_64 | 2.4-22 | 41.57 | 60.16 | 101.73 | OK | --no-vignettes |
r-release-linux-x86_64 | 2.4-22 | 40.12 | 59.40 | 99.52 | OK | --no-vignettes |
r-release-macos-arm64 | 2.4-22 | 41.00 | NOTE | --no-vignettes | ||
r-release-macos-x86_64 | 2.4-22 | 77.00 | NOTE | --no-vignettes | ||
r-release-windows-x86_64 | 2.4-22 | 51.00 | 74.00 | 125.00 | OK | --no-examples --no-tests --no-vignettes |
r-oldrel-macos-arm64 | 2.4-22 | 40.00 | OK | --no-vignettes | ||
r-oldrel-windows-x86_64 | 2.4-22 | 45.00 | 70.00 | 115.00 | OK | --no-examples --no-tests --no-vignettes |
Version: 2.4-22
Flags: --no-vignettes
Check: Rd cross-references
Result: NOTE
Undeclared package ‘akima’ in Rd xrefs
Flavor: r-devel-linux-x86_64-fedora-clang
Version: 2.4-22
Flags: --no-vignettes
Check: installed package size
Result: NOTE
installed size is 5.2Mb
sub-directories of 1Mb or more:
doc 2.6Mb
libs 2.1Mb
Flavors: r-release-macos-arm64, r-release-macos-x86_64