CRAN Package Check Results for Package thaipdf

Last updated on 2025-01-19 05:49:23 CET.

Flavor Version Tinstall Tcheck Ttotal Status Flags
r-devel-linux-x86_64-debian-clang 0.1.2 1.78 24.64 26.42 NOTE
r-devel-linux-x86_64-debian-gcc 0.1.2 1.81 20.11 21.92 NOTE
r-devel-linux-x86_64-fedora-clang 0.1.2 45.32 OK
r-devel-linux-x86_64-fedora-gcc 0.1.2 60.81 OK
r-devel-windows-x86_64 0.1.2 3.00 50.00 53.00 NOTE
r-patched-linux-x86_64 0.1.2 5.03 23.51 28.54 OK
r-release-linux-x86_64 0.1.2 1.98 23.79 25.77 OK
r-release-macos-arm64 0.1.2 25.00 OK
r-release-macos-x86_64 0.1.2 36.00 OK
r-release-windows-x86_64 0.1.2 5.00 48.00 53.00 OK
r-oldrel-macos-arm64 0.1.2 27.00 OK
r-oldrel-macos-x86_64 0.1.2 36.00 OK
r-oldrel-windows-x86_64 0.1.2 4.00 55.00 59.00 OK

Check Details

Version: 0.1.2
Check: Rd cross-references
Result: NOTE Found the following Rd file(s) with Rd \link{} targets missing package anchors: thaipdf_document.Rd: pdf_document Please provide package anchors for all Rd \link{} targets not in the package itself and the base packages. Flavors: r-devel-linux-x86_64-debian-clang, r-devel-linux-x86_64-debian-gcc, r-devel-windows-x86_64