Last updated on 2025-01-19 05:49:23 CET.
Flavor | Version | Tinstall | Tcheck | Ttotal | Status | Flags |
---|---|---|---|---|---|---|
r-devel-linux-x86_64-debian-clang | 0.1.0 | 14.38 | 42.78 | 57.16 | OK | |
r-devel-linux-x86_64-debian-gcc | 0.1.0 | 10.21 | 31.89 | 42.10 | OK | |
r-devel-linux-x86_64-fedora-clang | 0.1.0 | 91.26 | OK | |||
r-devel-linux-x86_64-fedora-gcc | 0.1.0 | 90.20 | OK | |||
r-devel-windows-x86_64 | 0.1.0 | 16.00 | 64.00 | 80.00 | OK | |
r-patched-linux-x86_64 | 0.1.0 | 14.33 | 40.86 | 55.19 | OK | |
r-release-linux-x86_64 | 0.1.0 | 14.11 | 41.06 | 55.17 | OK | |
r-release-macos-arm64 | 0.1.0 | 33.00 | NOTE | |||
r-release-macos-x86_64 | 0.1.0 | 49.00 | NOTE | |||
r-release-windows-x86_64 | 0.1.0 | 15.00 | 63.00 | 78.00 | NOTE | |
r-oldrel-macos-arm64 | 0.1.0 | 35.00 | NOTE | |||
r-oldrel-macos-x86_64 | 0.1.0 | 54.00 | NOTE | |||
r-oldrel-windows-x86_64 | 0.1.0 | 17.00 | 71.00 | 88.00 | NOTE |
Version: 0.1.0
Check: installed package size
Result: NOTE
installed size is 9.1Mb
sub-directories of 1Mb or more:
R 5.1Mb
data 4.0Mb
Flavors: r-release-macos-arm64, r-release-macos-x86_64, r-release-windows-x86_64, r-oldrel-macos-arm64, r-oldrel-macos-x86_64, r-oldrel-windows-x86_64