CRAN Package Check Results for Package tidyMicro

Last updated on 2020-10-28 11:50:01 CET.

Flavor Version Tinstall Tcheck Ttotal Status Flags
r-devel-linux-x86_64-debian-clang 1.47 18.62 309.49 328.11 OK
r-devel-linux-x86_64-debian-gcc 1.47 14.47 226.73 241.20 OK
r-devel-linux-x86_64-fedora-clang 1.47 393.41 NOTE
r-devel-linux-x86_64-fedora-gcc 1.47 370.06 NOTE
r-devel-windows-ix86+x86_64 1.47 37.00 291.00 328.00 OK
r-patched-linux-x86_64 1.47 OK
r-patched-solaris-x86 1.47 542.40 NOTE
r-release-linux-x86_64 1.47 15.69 290.06 305.75 OK
r-release-macos-x86_64 1.47 NOTE
r-release-windows-ix86+x86_64 1.47 26.00 259.00 285.00 OK
r-oldrel-macos-x86_64 1.47 NOTE
r-oldrel-windows-ix86+x86_64 1.47 31.00 356.00 387.00 OK

Check Details

Version: 1.47
Check: package dependencies
Result: NOTE
    Imports includes 30 non-default packages.
    Importing from so many packages makes the package vulnerable to any of
    them becoming unavailable. Move as many as possible to Suggests and
    use conditionally.
Flavor: r-devel-linux-x86_64-fedora-clang

Version: 1.47
Check: dependencies in R code
Result: NOTE
    Namespaces in Imports field not imported from:
     ‘Evomorph’ ‘cowplot’ ‘factoextra’ ‘gridExtra’ ‘lme4’ ‘lsr’ ‘plotly’
     ‘png’ ‘shapes’
     All declared Imports should be used.
Flavors: r-devel-linux-x86_64-fedora-clang, r-devel-linux-x86_64-fedora-gcc, r-patched-solaris-x86, r-release-macos-x86_64, r-oldrel-macos-x86_64