CRAN Package Check Results for Package tidycode

Last updated on 2025-01-19 05:49:23 CET.

Flavor Version Tinstall Tcheck Ttotal Status Flags
r-devel-linux-x86_64-debian-clang 0.1.1 2.82 34.78 37.60 OK
r-devel-linux-x86_64-debian-gcc 0.1.1 2.05 26.91 28.96 OK
r-devel-linux-x86_64-fedora-clang 0.1.1 67.19 OK
r-devel-linux-x86_64-fedora-gcc 0.1.1 72.73 OK
r-devel-windows-x86_64 0.1.1 8.00 58.00 66.00 OK
r-patched-linux-x86_64 0.1.1 2.72 32.92 35.64 NOTE
r-release-linux-x86_64 0.1.1 2.86 33.54 36.40 NOTE
r-release-macos-arm64 0.1.1 27.00 NOTE
r-release-macos-x86_64 0.1.1 42.00 NOTE
r-release-windows-x86_64 0.1.1 4.00 57.00 61.00 NOTE
r-oldrel-macos-arm64 0.1.1 28.00 NOTE
r-oldrel-macos-x86_64 0.1.1 41.00 NOTE
r-oldrel-windows-x86_64 0.1.1 6.00 64.00 70.00 NOTE

Check Details

Version: 0.1.1
Check: LazyData
Result: NOTE 'LazyData' is specified without a 'data' directory Flavors: r-patched-linux-x86_64, r-release-linux-x86_64, r-release-macos-arm64, r-release-macos-x86_64, r-release-windows-x86_64, r-oldrel-macos-arm64, r-oldrel-macos-x86_64, r-oldrel-windows-x86_64