CRAN Package Check Results for Package tidygapminder

Last updated on 2025-01-19 05:49:23 CET.

Flavor Version Tinstall Tcheck Ttotal Status Flags
r-devel-linux-x86_64-debian-clang 0.1.1 1.63 26.53 28.16 OK
r-devel-linux-x86_64-debian-gcc 0.1.1 1.41 20.18 21.59 OK
r-devel-linux-x86_64-fedora-clang 0.1.1 48.82 NOTE
r-devel-linux-x86_64-fedora-gcc 0.1.1 57.62 NOTE
r-devel-windows-x86_64 0.1.1 6.00 49.00 55.00 OK
r-patched-linux-x86_64 0.1.1 1.73 25.00 26.73 NOTE
r-release-linux-x86_64 0.1.1 1.53 24.71 26.24 NOTE
r-release-macos-arm64 0.1.1 26.00 NOTE
r-release-macos-x86_64 0.1.1 36.00 NOTE
r-release-windows-x86_64 0.1.1 4.00 47.00 51.00 NOTE
r-oldrel-macos-arm64 0.1.1 26.00 NOTE
r-oldrel-macos-x86_64 0.1.1 37.00 NOTE
r-oldrel-windows-x86_64 0.1.1 3.00 50.00 53.00 NOTE

Check Details

Version: 0.1.1
Check: dependencies in R code
Result: NOTE Namespace in Imports field not imported from: ‘dplyr’ All declared Imports should be used. Flavors: r-devel-linux-x86_64-fedora-clang, r-devel-linux-x86_64-fedora-gcc

Version: 0.1.1
Check: LazyData
Result: NOTE 'LazyData' is specified without a 'data' directory Flavors: r-patched-linux-x86_64, r-release-linux-x86_64, r-release-macos-arm64, r-release-macos-x86_64, r-release-windows-x86_64, r-oldrel-macos-arm64, r-oldrel-macos-x86_64, r-oldrel-windows-x86_64